607
CDUS45 KFGZ 190735
CLIPRC


CLIMATE REPORT
NATIONAL WEATHER SERVICE FLAGSTAFF, AZ
1235 AM MST THU APR 19 2018


...................................

...THE PRESCOTT AZ AIRPORT CLIMATE SUMMARY FOR APRIL 18 2018...

CLIMATE NORMAL PERIOD 1981 TO 2010
CLIMATE RECORD PERIOD 1948 TO 2018


WEATHER ITEM   OBSERVED TIME   RECORD YEAR NORMAL DEPARTURE LAST
                VALUE   (LST)  VALUE       VALUE  FROM      YEAR
                                                  NORMAL
..................................................................
TEMPERATURE (F)
 YESTERDAY
  MAXIMUM         70    348 PM  87    1962  68      2       76
  MINIMUM         29    536 AM  25    1963  39    -10       43
  AVERAGE         50                        53     -3

PRECIPITATION (IN)
  YESTERDAY        0.00          0.23 1970   0.01  -0.01     0.00
  MONTH TO DATE    0.00                      0.34  -0.34     0.11
  SINCE SEP 1      1.97                      8.23  -6.26    11.00
  SINCE JAN 1      1.44                      3.92  -2.48     4.25

DEGREE DAYS
 HEATING
  YESTERDAY       15                                3
  MONTH TO DATE  138                             -113
  SINCE JUL 1   3153                             -845

 COOLING
  YESTERDAY        0                                0
  MONTH TO DATE    2                                2
  SINCE JAN 1      2                                2
..................................................................


WIND (MPH)
  HIGHEST WIND SPEED    18   HIGHEST WIND DIRECTION    SE (120)
  HIGHEST GUST SPEED    26   HIGHEST GUST DIRECTION    SE (120)
  AVERAGE WIND SPEED     7.0


SKY COVER
  AVERAGE SKY COVER 0.0


WEATHER CONDITIONS
 THE FOLLOWING WEATHER WAS RECORDED YESTERDAY.
  NO SIGNIFICANT WEATHER WAS OBSERVED.


RELATIVE HUMIDITY (PERCENT)
 HIGHEST    36
 LOWEST      6

..........................................................


THE PRESCOTT AZ AIRPORT CLIMATE NORMALS FOR TODAY
                         NORMAL    RECORD    YEAR
 MAXIMUM TEMPERATURE (F)   68        85      1989
 MINIMUM TEMPERATURE (F)   39        24      1955


SUNRISE AND SUNSET
APRIL 19 2018.........SUNRISE   553 AM MST   SUNSET   705 PM MST
APRIL 20 2018.........SUNRISE   552 AM MST   SUNSET   706 PM MST


-  INDICATES NEGATIVE NUMBERS.
R  INDICATES RECORD WAS SET OR TIED.
MM INDICATES DATA IS MISSING.
T  INDICATES TRACE AMOUNT.




$$
