000
CDUS46 KOTX 200829
CLIPUW


CLIMATE REPORT
NATIONAL WEATHER SERVICE SPOKANE, WA
127 AM PDT FRI APR 20 2018


...................................

...THE PULLMAN-MOSCOW  AIRPORT CLIMATE SUMMARY FOR APRIL 19 2018...

CLIMATE NORMAL PERIOD 1981 TO 2010
CLIMATE RECORD PERIOD 9999 TO 9999


WEATHER ITEM   OBSERVED TIME   RECORD YEAR NORMAL DEPARTURE LAST
                VALUE   (LST)  VALUE       VALUE  FROM      YEAR
                                                  NORMAL
..................................................................
TEMPERATURE (F)
 YESTERDAY
  MAXIMUM         61    235 PM  86    1910  57      4       61
  MINIMUM         32    524 AM  13    1966  36     -4       37
  AVERAGE         47                        47      0       49

PRECIPITATION (IN)
  YESTERDAY        0.00                      0.05  -0.05     0.07
  MONTH TO DATE    2.27                      1.03   1.24     1.03
  SINCE OCT 1     16.98                     11.62   5.36    19.37
  SINCE JAN 1      8.12                      6.42   1.70    10.96

DEGREE DAYS
 HEATING
  YESTERDAY       18                        18      0       16
  MONTH TO DATE  392                       383      9      367
  SINCE MAR 1   1149                      1139     10     1072
  SINCE JUL 1   5533                      5842   -309     5849

 COOLING
  YESTERDAY        0                         0      0        0
  MONTH TO DATE    0                         0      0        0
  SINCE MAR 1      0                         0      0        0
  SINCE JAN 1      0                         0      0        0
..................................................................


WIND (MPH)
  HIGHEST WIND SPEED    17   HIGHEST WIND DIRECTION     W (290)
  HIGHEST GUST SPEED    23   HIGHEST GUST DIRECTION     W (290)
  AVERAGE WIND SPEED     5.4


SKY COVER
  POSSIBLE SUNSHINE  MM
  AVERAGE SKY COVER 0.0


WEATHER CONDITIONS
 THE FOLLOWING WEATHER WAS RECORDED YESTERDAY.
  NO SIGNIFICANT WEATHER WAS OBSERVED.


RELATIVE HUMIDITY (PERCENT)
 HIGHEST    85           700 AM
 LOWEST     29           300 PM
 AVERAGE    57

..........................................................


THE PULLMAN-MOSCOW  AIRPORT CLIMATE NORMALS FOR TODAY
                         NORMAL    RECORD    YEAR
 MAXIMUM TEMPERATURE (F)   58        83      1934
 MINIMUM TEMPERATURE (F)   36        20      1927


SUNRISE AND SUNSET
APRIL 20 2018.........SUNRISE   552 AM PDT   SUNSET   744 PM PDT
APRIL 21 2018.........SUNRISE   550 AM PDT   SUNSET   745 PM PDT


-  INDICATES NEGATIVE NUMBERS.
R  INDICATES RECORD WAS SET OR TIED.
MM INDICATES DATA IS MISSING.
T  INDICATES TRACE AMOUNT.




$$
