000
CDUS46 KSTO 250043
CLIRDD

CLIMATE REPORT
NATIONAL WEATHER SERVICE SACRAMENTO, CA
539 PM PDT TUE APR 24 2018


...................................

...THE REDDING AIRPORT CA CLIMATE SUMMARY FOR APRIL 24 2018...
VALID TODAY AS OF 0500 PM LOCAL TIME.

CLIMATE NORMAL PERIOD 1981 TO 2010
CLIMATE RECORD PERIOD 1986 TO 2018


WEATHER ITEM   OBSERVED RECORD YEAR NORMAL DEPARTURE LAST
                VALUE   VALUE       VALUE  FROM      YEAR
                                           NORMAL
...........................................................
TEMPERATURE (F)
 TODAY
  MAXIMUM         86     87    2013  73     13       64
  MINIMUM         50     32    2008  48      2       48
  AVERAGE         68

PRECIPITATION (IN)
  TODAY            0.00   0.66 1989   0.08  -0.08     0.18
  MONTH TO DATE    4.05               2.03   2.02     3.82
  SINCE OCT 1     18.58              30.72 -12.14    46.12
  SINCE JAN 1     12.91              17.87  -4.96    27.39

SNOWFALL (IN)
  TODAY            0.0   MM      MM  MM               0.0
  MONTH TO DATE    0.0               MM               0.0
  SINCE MAR 1      0.0               MM               0.0
  SINCE JUL 1      0.0               MM               3.0

DEGREE DAYS
 HEATING
  TODAY            0

 COOLING
  TODAY            3
...........................................................


WIND (MPH)
  RESULTANT WIND SPEED   2   RESULTANT WIND DIRECTION  NE (50)
  HIGHEST WIND SPEED    10   HIGHEST WIND DIRECTION     N (350)
  HIGHEST GUST SPEED    14   HIGHEST GUST DIRECTION     N (350)


SKY COVER
  POSSIBLE SUNSHINE  MM
  AVERAGE SKY COVER 0.0


WEATHER CONDITIONS
 THE FOLLOWING WEATHER WAS RECORDED TODAY.
  NO SIGNIFICANT WEATHER WAS OBSERVED.


RELATIVE HUMIDITY (PERCENT)
 HIGHEST    80
 LOWEST     18
 AVERAGE    49

..........................................................


THE REDDING AIRPORT CA CLIMATE NORMALS FOR TOMORROW
                         NORMAL    RECORD    YEAR
 MAXIMUM TEMPERATURE (F)   73        90      2004
                                             1987
 MINIMUM TEMPERATURE (F)   48        40      2009
                                             1994
                                             1991


SUNRISE AND SUNSET
APRIL 24 2018.........SUNRISE   617 AM PDT   SUNSET   758 PM PDT
APRIL 25 2018.........SUNRISE   616 AM PDT   SUNSET   759 PM PDT


-  INDICATES NEGATIVE NUMBERS.
R  INDICATES RECORD WAS SET OR TIED.
MM INDICATES DATA IS MISSING.
T  INDICATES TRACE AMOUNT.

&&
....................................................................

REDDING CITY CLIMATE DATA FOR APRIL 24

CLIMATE RECORD PERIOD 1897-1986

RECORD HIGH..............     96 IN 1927
RECORD LOW...............     33 IN 1974

RECORD RAINFALL..........   1.44 IN 1914

$$

NNNN
