000
CDUS41 KPHI 250554
CLIRDG


CLIMATE REPORT
NATIONAL WEATHER SERVICE MOUNT HOLLY NJ
154 AM EDT FRI MAY 25 2018


...................................

...THE READING PA CLIMATE SUMMARY FOR MAY 24 2018...

CLIMATE NORMAL PERIOD 1981 TO 2010
CLIMATE RECORD PERIOD 1869 TO 2018


WEATHER ITEM   OBSERVED TIME   RECORD YEAR NORMAL DEPARTURE LAST
                VALUE   (LST)  VALUE       VALUE  FROM      YEAR
                                                  NORMAL
..................................................................
TEMPERATURE (F)
 YESTERDAY
  MAXIMUM         84    304 PM  92    1975  75      9       74
  MINIMUM         54    513 AM  38    1963  53      1       56
  AVERAGE         69                        64      5       65

PRECIPITATION (IN)
  YESTERDAY        0.00          1.96 1897   0.18  -0.18     0.06
  MONTH TO DATE    4.62                      3.07   1.55     2.64
  SINCE MAR 1     11.00                     10.32   0.68     8.95
  SINCE JAN 1     19.78                     15.85   3.93    12.34

DEGREE DAYS
 HEATING
  YESTERDAY        0                         4     -4        0
  MONTH TO DATE   52                       149    -97      161
  SINCE MAR 1   1390                      1305     85     1189
  SINCE JUL 1   5179                      5347   -168     4551

 COOLING
  YESTERDAY        4                         2      2        0
  MONTH TO DATE   55                        33     22       39
  SINCE MAR 1     65                        42     23       66
  SINCE JAN 1     66                        42     24       66
..................................................................


WIND (MPH)
  HIGHEST WIND SPEED    12   HIGHEST WIND DIRECTION    NW (310)
  HIGHEST GUST SPEED    19   HIGHEST GUST DIRECTION    NW (300)
  AVERAGE WIND SPEED     4.0


SKY COVER
  POSSIBLE SUNSHINE  MM
  AVERAGE SKY COVER 0.0


WEATHER CONDITIONS
 THE FOLLOWING WEATHER WAS RECORDED YESTERDAY.
  FOG


RELATIVE HUMIDITY (PERCENT)
 HIGHEST   100           400 AM
 LOWEST     31           300 PM
 AVERAGE    66

..........................................................


THE READING PA CLIMATE NORMALS FOR TODAY
                         NORMAL    RECORD    YEAR
 MAXIMUM TEMPERATURE (F)   75        93      1904
 MINIMUM TEMPERATURE (F)   53        38      1956


SUNRISE AND SUNSET
MAY 25 2018...........SUNRISE   540 AM EDT   SUNSET   822 PM EDT
MAY 26 2018...........SUNRISE   539 AM EDT   SUNSET   823 PM EDT


-  INDICATES NEGATIVE NUMBERS.
R  INDICATES RECORD WAS SET OR TIED.
MM INDICATES DATA IS MISSING.
T  INDICATES TRACE AMOUNT.




$$
