707
CDUS42 KRAH 250832
CLIRDU


CLIMATE REPORT
NATIONAL WEATHER SERVICE RALEIGH NC
429 AM EDT WED APR 25 2018


...................................

...THE RALEIGH-DURHAM INTL AIRPORT NC CLIMATE SUMMARY FOR APRIL 24 2018...

CLIMATE NORMAL PERIOD 1981 TO 2010
CLIMATE RECORD PERIOD 1887 TO 2018


WEATHER ITEM   OBSERVED TIME   RECORD YEAR NORMAL DEPARTURE LAST
                VALUE   (LST)  VALUE       VALUE  FROM      YEAR
                                                  NORMAL
..................................................................
TEMPERATURE (F)
 YESTERDAY
  MAXIMUM         65    316 PM  93    1960  75    -10       60
                                      1925
  MINIMUM         53    232 AM  31    1986  50      3       53
  AVERAGE         59                        62     -3       57

PRECIPITATION (IN)
  YESTERDAY        0.85          4.51 2017   0.09   0.76     4.51
  MONTH TO DATE    5.16                      2.39   2.77     6.47
  SINCE MAR 1      9.96                      6.50   3.46     9.60
  SINCE JAN 1     15.58                     13.23   2.35    14.03

SNOWFALL (IN)
  YESTERDAY        0.0           T    1955   0.0    0.0      0.0
  MONTH TO DATE    T                         0.1   -0.1      0.0
  SINCE MAR 1      1.6                       0.6    1.0      0.3
  SINCE JUL 1      8.9                       6.1    2.8      0.8
  SNOW DEPTH       0

DEGREE DAYS
 HEATING
  YESTERDAY        6                         5      1        8
  MONTH TO DATE  211                       167     44       73
  SINCE MAR 1    799                       591    208      487
  SINCE JUL 1   3312                      3163    149     2460

 COOLING
  YESTERDAY        0                         2     -2        0
  MONTH TO DATE   14                        35    -21       72
  SINCE MAR 1     17                        46    -29       90
  SINCE JAN 1     39                        47     -8       98
..................................................................


WIND (MPH)
  HIGHEST WIND SPEED    29   HIGHEST WIND DIRECTION     E (110)
  HIGHEST GUST SPEED    37   HIGHEST GUST DIRECTION     E (110)
  AVERAGE WIND SPEED    12.4


SKY COVER
  POSSIBLE SUNSHINE  MM
  AVERAGE SKY COVER 0.9


WEATHER CONDITIONS
 THE FOLLOWING WEATHER WAS RECORDED YESTERDAY.
  LIGHT RAIN
  FOG


RELATIVE HUMIDITY (PERCENT)
 HIGHEST   100           300 AM
 LOWEST     86           100 AM
 AVERAGE    93

..........................................................


THE RALEIGH-DURHAM INTL AIRPORT NC CLIMATE NORMALS FOR TODAY
                         NORMAL    RECORD    YEAR
 MAXIMUM TEMPERATURE (F)   75        93      1925
 MINIMUM TEMPERATURE (F)   51        29      1969


SUNRISE AND SUNSET
APRIL 25 2018.........SUNRISE   630 AM EDT   SUNSET   757 PM EDT
APRIL 26 2018.........SUNRISE   628 AM EDT   SUNSET   758 PM EDT


-  INDICATES NEGATIVE NUMBERS.
R  INDICATES RECORD WAS SET OR TIED.
MM INDICATES DATA IS MISSING.
T  INDICATES TRACE AMOUNT.

&&

CLIMATE REPORT NWS FORECAST OFFICE
NCSU CENTENNIAL CAMPUS
RALEIGH, NC

MAXIMUM TEMPERATURE...64

MINIMUM TEMPERATURE...53

PRECIPITATION...0.88 inches


$$
