000
CDUS41 KRNK 231003
CLIRNK


CLIMATE REPORT
NATIONAL WEATHER SERVICE BLACKSBURG VA
601 AM EDT MON APR 23 2018


...................................

...THE BLACKSBURG VA CLIMATE SUMMARY FOR APRIL 22 2018...

CLIMATE NORMAL PERIOD 1981 TO 2010
CLIMATE RECORD PERIOD 1952 TO 2018


WEATHER ITEM   OBSERVED RECORD YEAR NORMAL DEPARTURE LAST
                VALUE   VALUE       VALUE  FROM      YEAR
                                           NORMAL
...........................................................
TEMPERATURE (F)
 YESTERDAY
  MAXIMUM         65     85    1985  65      0       61
  MINIMUM         38     25    1983  40     -2       48
  AVERAGE         52                 53     -1       55

PRECIPITATION (IN)
  YESTERDAY        0.00   3.41 1992   0.12  -0.12     0.63
  MONTH TO DATE    2.68               2.55   0.13     2.90
  SINCE MAR 1      7.34               6.19   1.15     6.14
  SINCE JAN 1     13.61              12.08   1.53    11.92

SNOWFALL (IN)
  YESTERDAY        0.0                                0.0
  MONTH TO DATE    1.2                                0.1
  SINCE MAR 1     23.9                                1.1
  SINCE JUL 1     31.3                                7.7
  SNOW DEPTH       0

DEGREE DAYS
 HEATING
  YESTERDAY       13                 12      1       10
  MONTH TO DATE  376                341     35      201
  SINCE MAR 1   1196               1068    128      868
  SINCE JUL 1   4857               5116   -259     3960

 COOLING
  YESTERDAY        0                  0      0        0
  MONTH TO DATE    0                  0      0        3
  SINCE MAR 1      0                  0      0        3
  SINCE JAN 1      1                  0      1        3
...........................................................


WIND (MPH)
  HIGHEST WIND SPEED    10   HIGHEST WIND DIRECTION    SE (150)
  HIGHEST GUST SPEED    16   HIGHEST GUST DIRECTION     S (200)
  AVERAGE WIND SPEED     4.3


SKY COVER
  AVERAGE SKY COVER 0.0


WEATHER CONDITIONS
 THE FOLLOWING WEATHER WAS RECORDED YESTERDAY.
  NO SIGNIFICANT WEATHER WAS OBSERVED.


RELATIVE HUMIDITY (PERCENT)
 HIGHEST    70           600 AM
 LOWEST     34          1200 PM
 AVERAGE    52

..........................................................


THE BLACKSBURG VA CLIMATE NORMALS FOR TODAY
                         NORMAL    RECORD    YEAR
 MAXIMUM TEMPERATURE (F)   66        85      1985
 MINIMUM TEMPERATURE (F)   40        20      1982


SUNRISE AND SUNSET
APRIL 23 2018.........SUNRISE   637 AM EDT   SUNSET   804 PM EDT
APRIL 24 2018.........SUNRISE   635 AM EDT   SUNSET   805 PM EDT


-  INDICATES NEGATIVE NUMBERS.
R  INDICATES RECORD WAS SET OR TIED.
MM INDICATES DATA IS MISSING.
T  INDICATES TRACE AMOUNT.

REMARKS:
DUE TO MISSING TEMPERATURES FROM SEPTEMBER 8-10...THE
HEATING DEGREE DAY AND DEPARTURE FROM NORMAL WILL BE CALCULATED
WITHOUT DATA FROM THESE DATES.

$$
