320
CDUS46 KSGX 230023
CLIRNM


CLIMATE REPORT
NATIONAL WEATHER SERVICE SAN DIEGO, CA
522 PM PDT SUN APR 22 2018


...................................

...THE RAMONA AIRPORT CA CLIMATE SUMMARY FOR APRIL 22 2018...
VALID TODAY AS OF 0500 PM LOCAL TIME.

CLIMATE NORMAL PERIOD 1981 TO 2010
CLIMATE RECORD PERIOD 1974 TO 2018


WEATHER ITEM   OBSERVED TIME   RECORD YEAR NORMAL DEPARTURE LAST
                VALUE   (LST)  VALUE       VALUE  FROM      YEAR
                                                  NORMAL
..................................................................
TEMPERATURE (F)
 TODAY
  MAXIMUM         87   1148 AM  91    2017  71     16       91
  MINIMUM         43    523 AM  33    2001  43      0       48
  AVERAGE         65                        57      8       70

PRECIPITATION (IN)
  TODAY            0.00          0.56 2010   0.06  -0.06     0.00
  MONTH TO DATE    0.02                      1.04  -1.02      T
  SINCE OCT 1      5.58                     14.69  -9.11    21.58
  SINCE JAN 1      5.54                     10.55  -5.01    14.56

DEGREE DAYS
 HEATING
  TODAY            0                         8     -8        0
  MONTH TO DATE  123                       217    -94      124
  SINCE MAR 1    445                       592   -147      351
  SINCE JUL 1   1563                      2333   -770     1786

 COOLING
  TODAY            0                         0      0        5
  MONTH TO DATE   10                         0     10        9
  SINCE MAR 1     10                         0     10       12
  SINCE JAN 1     26                         1     25       12
..................................................................


WIND (MPH)
  RESULTANT WIND SPEED   5   RESULTANT WIND DIRECTION   W (280)
  HIGHEST WIND SPEED    18   HIGHEST WIND DIRECTION     W (260)
  HIGHEST GUST SPEED    23   HIGHEST GUST DIRECTION     W (280)
  AVERAGE WIND SPEED     5.9


SKY COVER
  POSSIBLE SUNSHINE  MM
  AVERAGE SKY COVER 0.0


WEATHER CONDITIONS
 THE FOLLOWING WEATHER WAS RECORDED TODAY.
  NO SIGNIFICANT WEATHER WAS OBSERVED.


RELATIVE HUMIDITY (PERCENT)
 HIGHEST    77           200 AM
 LOWEST     18          1000 AM
 AVERAGE    48

..........................................................


THE RAMONA AIRPORT CA CLIMATE NORMALS FOR TOMORROW
                         NORMAL    RECORD    YEAR
 MAXIMUM TEMPERATURE (F)   71        89      1996
 MINIMUM TEMPERATURE (F)   43        31      2010


SUNRISE AND SUNSET
APRIL 22 2018.........SUNRISE   610 AM PDT   SUNSET   723 PM PDT
APRIL 23 2018.........SUNRISE   608 AM PDT   SUNSET   724 PM PDT


-  INDICATES NEGATIVE NUMBERS.
R  INDICATES RECORD WAS SET OR TIED.
MM INDICATES DATA IS MISSING.
T  INDICATES TRACE AMOUNT.




$$
