000
CDUS45 KREV 220925
CLIRNO


CLIMATE REPORT
NATIONAL WEATHER SERVICE RENO NV
225 AM PDT SUN APR 22 2018


...................................

...THE RENO-TAHOE INTL AIRPORT NV CLIMATE SUMMARY FOR APRIL 21 2018...

CLIMATE NORMAL PERIOD 1981 TO 2010
CLIMATE RECORD PERIOD 1888 TO 2018


WEATHER ITEM   OBSERVED TIME   RECORD YEAR NORMAL DEPARTURE LAST
                VALUE   (LST)  VALUE       VALUE  FROM      YEAR
                                                  NORMAL
..................................................................
TEMPERATURE (F)
 YESTERDAY
  MAXIMUM         78    451 PM  88    2012  65     13       68
  MINIMUM         41    546 AM  14    1963  39      2       36
                                      1896
  AVERAGE         60                        52      8       52

PRECIPITATION (IN)
  YESTERDAY        0.00          0.65 1914   0.01  -0.01     0.00
  MONTH TO DATE    0.51                      0.33   0.18     0.65
  SINCE OCT 1      5.30                      5.50  -0.20    14.30
  SINCE JAN 1      3.73                      3.14   0.59    10.51

SNOWFALL (IN)
  YESTERDAY        0.0           2.4  1967   0.0    0.0      0.0
  MONTH TO DATE    0.2                       0.4   -0.2       T
  SINCE MAR 1     20.1                       2.4   17.7      2.9
  SINCE JUL 1     24.9                      21.4    3.5     27.0
  SNOW DEPTH       0

DEGREE DAYS
 HEATING
  YESTERDAY        5                        13     -8       13
  MONTH TO DATE  280                       321    -41      298
  SINCE MAR 1    971                       919     52      799
  SINCE JUL 1   4238                      4557   -319     4172

 COOLING
  YESTERDAY        0                         0      0        0
  MONTH TO DATE    0                         0      0        0
  SINCE MAR 1      0                         0      0        0
  SINCE JAN 1      0                         0      0        0
..................................................................


WIND (MPH)
  RESULTANT WIND SPEED   1   RESULTANT WIND DIRECTION   E (70)
  HIGHEST WIND SPEED    15   HIGHEST WIND DIRECTION     N (340)
  HIGHEST GUST SPEED    20   HIGHEST GUST DIRECTION    NW (300)
  AVERAGE WIND SPEED     3.2



WEATHER CONDITIONS
 THE FOLLOWING WEATHER WAS RECORDED YESTERDAY.
  NO SIGNIFICANT WEATHER WAS OBSERVED.


RELATIVE HUMIDITY (PERCENT)
 HIGHEST    65           500 AM
 LOWEST     16           100 PM
 AVERAGE    41

..........................................................


THE RENO-TAHOE INTL AIRPORT NV CLIMATE NORMALS FOR TODAY
                         NORMAL    RECORD    YEAR
 MAXIMUM TEMPERATURE (F)   66        90      2012
 MINIMUM TEMPERATURE (F)   39        16      1968
                                             1896


SUNRISE AND SUNSET
APRIL 22 2018.........SUNRISE   612 AM PDT   SUNSET   744 PM PDT
APRIL 23 2018.........SUNRISE   610 AM PDT   SUNSET   745 PM PDT


-  INDICATES NEGATIVE NUMBERS.
R  INDICATES RECORD WAS SET OR TIED.
MM INDICATES DATA IS MISSING.
T  INDICATES TRACE AMOUNT.




$$
