000
CDUS45 KPIH 270729
CLIRXE


CLIMATE REPORT
NATIONAL WEATHER SERVICE POCATELLO ID
129 AM MDT SUN MAY 27 2018


...................................

...THE REXBURG ID CLIMATE SUMMARY FOR MAY 26 2018...

CLIMATE NORMAL PERIOD 1981 TO 2010
CLIMATE RECORD PERIOD 1998 TO 2018


WEATHER ITEM   OBSERVED TIME   RECORD YEAR NORMAL DEPARTURE LAST
                VALUE   (LST)  VALUE       VALUE  FROM      YEAR
                                                  NORMAL
..................................................................
TEMPERATURE (F)
 YESTERDAY
  MAXIMUM         75    438 PM  82    2014  69      6       46
  MINIMUM         52    157 AM  36    2011  42     10       39
  AVERAGE         64                        55      9       43

PRECIPITATION (IN)
  YESTERDAY        T            MM      MM   0.05  -0.05     0.28
  MONTH TO DATE    0.98                      1.42  -0.44     1.08
  SINCE OCT 1      9.35                      8.74   0.61    12.09
  SINCE JAN 1      7.25                      5.53   1.72     6.33

SNOWFALL (IN)
  YESTERDAY       MM
  MONTH TO DATE   MM
  SINCE MAR 1     MM
  SINCE JUL 1     MM
  SNOW DEPTH      MM

DEGREE DAYS
 HEATING
  YESTERDAY        1                        10     -9       22
  MONTH TO DATE  239                       346   -107      318
  SINCE MAR 1   1814                      1938   -124     1715
  SINCE JUL 1   7271                      7911   -640     7510

 COOLING
  YESTERDAY        0                         0      0        0
  MONTH TO DATE    0                         0      0        0
  SINCE MAR 1      0                         0      0        0
  SINCE JAN 1      0                         0      0        0
..................................................................


WIND (MPH)
  HIGHEST WIND SPEED    26   HIGHEST WIND DIRECTION    SW (210)
  HIGHEST GUST SPEED    37   HIGHEST GUST DIRECTION    SW (210)
  AVERAGE WIND SPEED     7.6


SKY COVER
  POSSIBLE SUNSHINE  MM
  AVERAGE SKY COVER 0.1


WEATHER CONDITIONS
 THE FOLLOWING WEATHER WAS RECORDED YESTERDAY.
  THUNDERSTORM
  LIGHT RAIN


RELATIVE HUMIDITY (PERCENT)
 HIGHEST    89           200 AM
 LOWEST     27           400 PM
 AVERAGE    58

..........................................................


THE REXBURG ID CLIMATE NORMALS FOR TODAY
                         NORMAL    RECORD    YEAR
 MAXIMUM TEMPERATURE (F)   69        82      2007
                                             2003
 MINIMUM TEMPERATURE (F)   42        34      2011


SUNRISE AND SUNSET
MAY 27 2018...........SUNRISE   551 AM MDT   SUNSET   858 PM MDT
MAY 28 2018...........SUNRISE   550 AM MDT   SUNSET   859 PM MDT


-  INDICATES NEGATIVE NUMBERS.
R  INDICATES RECORD WAS SET OR TIED.
MM INDICATES DATA IS MISSING.
T  INDICATES TRACE AMOUNT.




$$
