224
CDUS44 KEWX 240731
CLISAT


CLIMATE REPORT
NATIONAL WEATHER SERVICE AUSTIN/SAN ANTONIO, TX
230 AM CDT THU MAY 24 2018


...................................

...THE SAN ANTONIO CLIMATE SUMMARY FOR MAY 23 2018...

CLIMATE NORMAL PERIOD 1981 TO 2010
CLIMATE RECORD PERIOD 1886 TO 2018


WEATHER ITEM   OBSERVED TIME   RECORD YEAR NORMAL DEPARTURE LAST
                VALUE   (LST)  VALUE       VALUE  FROM      YEAR
                                                  NORMAL
..................................................................
TEMPERATURE (F)
 YESTERDAY
  MAXIMUM         92    438 PM  99    2008  89      3       87
                                      1996
  MINIMUM         72    423 AM  53    1892  69      3       62
  AVERAGE         82                        79      3       75

PRECIPITATION (IN)
  YESTERDAY        0.00          2.81 2015   0.14  -0.14     0.00
  MONTH TO DATE    0.97                      2.84  -1.87     0.77
  SINCE MAR 1      5.35                      7.25  -1.90     5.75
  SINCE JAN 1      7.54                     10.80  -3.26    12.08

SNOWFALL (IN)
  YESTERDAY        0.0
  MONTH TO DATE    0.0
  SINCE MAR 1      T
  SINCE JUL 1      1.9
  SNOW DEPTH       0

DEGREE DAYS
 HEATING
  YESTERDAY        0                         0      0        0
  MONTH TO DATE    0                         0      0        0
  SINCE MAR 1     87                       193   -106       60
  SINCE JUL 1   1303                      1494   -191      778

 COOLING
  YESTERDAY       17                        14      3       10
  MONTH TO DATE  326                       254     72      222
  SINCE MAR 1    581                       487     94      555
  SINCE JAN 1    627                       513    114      655
..................................................................


WIND (MPH)
  HIGHEST WIND SPEED    24   HIGHEST WIND DIRECTION     E (100)
  HIGHEST GUST SPEED    29   HIGHEST GUST DIRECTION     E (100)
  AVERAGE WIND SPEED     9.2


SKY COVER
  AVERAGE SKY COVER 0.6


WEATHER CONDITIONS
 THE FOLLOWING WEATHER WAS RECORDED YESTERDAY.
  NO SIGNIFICANT WEATHER WAS OBSERVED.


RELATIVE HUMIDITY (PERCENT)
 HIGHEST    87           200 AM
 LOWEST     38           500 PM
 AVERAGE    63

..........................................................


THE SAN ANTONIO CLIMATE NORMALS FOR TODAY
                         NORMAL    RECORD    YEAR
 MAXIMUM TEMPERATURE (F)   89       101      1989
                                             1955
                                             1925
 MINIMUM TEMPERATURE (F)   69        54      2017


SUNRISE AND SUNSET
MAY 24 2018...........SUNRISE   637 AM CDT   SUNSET   825 PM CDT
MAY 25 2018...........SUNRISE   636 AM CDT   SUNSET   826 PM CDT


-  INDICATES NEGATIVE NUMBERS.
R  INDICATES RECORD WAS SET OR TIED.
MM INDICATES DATA IS MISSING.
T  INDICATES TRACE AMOUNT.




$$
