000
CDUS41 KAKQ 230606
CLISBY


CLIMATE REPORT
NATIONAL WEATHER SERVICE WAKEFIELD, VA
206 AM EDT MON APR 23 2018


...................................

...THE SALISBURY MD CLIMATE SUMMARY FOR APRIL 22 2018...

CLIMATE NORMAL PERIOD 1981 TO 2010
CLIMATE RECORD PERIOD 1900 TO 2018


WEATHER ITEM   OBSERVED TIME   RECORD YEAR NORMAL DEPARTURE LAST
                VALUE   (LST)  VALUE       VALUE  FROM      YEAR
                                                  NORMAL
..................................................................
TEMPERATURE (F)
 YESTERDAY
  MAXIMUM         66   1235 PM  94    1985  67     -1       57
  MINIMUM         37    553 AM  30    1975  45     -8       52
  AVERAGE         52                        56     -4       55

PRECIPITATION (IN)
  YESTERDAY        0.00          1.93 2012   0.10  -0.10     0.32
  MONTH TO DATE    1.53                      2.72  -1.19     0.96
  SINCE MAR 1      4.57                      7.14  -2.57     5.59
  SINCE JAN 1     10.82                     14.10  -3.28    10.39

SNOWFALL (IN)
  YESTERDAY        0.0           0.0  2002   0.0    0.0
                                      2001
  MONTH TO DATE    T                         0.2   -0.2
  SINCE NOV 1     17.2                       9.3    7.9
  SINCE JUL 1     17.2                       9.3    7.9
  SNOW DEPTH       0

DEGREE DAYS
 HEATING
  YESTERDAY       13                        10      3       10
  MONTH TO DATE  331                       277     54      147
  SINCE MAR 1   1063                       907    156      771
  SINCE JUL 1   4110                      4212   -102     3522

 COOLING
  YESTERDAY        0                         1     -1        0
  MONTH TO DATE    8                         9     -1       28
  SINCE MAR 1      8                        11     -3       30
  SINCE JAN 1     12                        11      1       30
..................................................................


WIND (MPH)
  HIGHEST WIND SPEED    18   HIGHEST WIND DIRECTION    SE (120)
  HIGHEST GUST SPEED    22   HIGHEST GUST DIRECTION     E (110)
  AVERAGE WIND SPEED     3.8


SKY COVER
  POSSIBLE SUNSHINE  MM
  AVERAGE SKY COVER 0.2


WEATHER CONDITIONS
 THE FOLLOWING WEATHER WAS RECORDED YESTERDAY.
  NO SIGNIFICANT WEATHER WAS OBSERVED.


RELATIVE HUMIDITY (PERCENT)
 HIGHEST    96           300 AM
 LOWEST     39          1200 PM
 AVERAGE    68

..........................................................


THE SALISBURY MD CLIMATE NORMALS FOR TODAY
                         NORMAL    RECORD    YEAR
 MAXIMUM TEMPERATURE (F)   67        91      1960
 MINIMUM TEMPERATURE (F)   45        30      1936
                                             1933
                                             1922


SUNRISE AND SUNSET
APRIL 23 2018.........SUNRISE   615 AM EDT   SUNSET   746 PM EDT
APRIL 24 2018.........SUNRISE   614 AM EDT   SUNSET   747 PM EDT


-  INDICATES NEGATIVE NUMBERS.
R  INDICATES RECORD WAS SET OR TIED.
MM INDICATES DATA IS MISSING.
T  INDICATES TRACE AMOUNT.




$$
