000
CDUS46 KSTO 230041
CLISCK


CLIMATE REPORT
NATIONAL WEATHER SERVICE SACRAMENTO, CA
540 PM PDT TUE MAY 22 2018


...................................

...THE STOCKTON AIRPORT CA CLIMATE SUMMARY FOR MAY 22 2018...
VALID TODAY AS OF 0500 PM LOCAL TIME.

CLIMATE NORMAL PERIOD 1981 TO 2010
CLIMATE RECORD PERIOD 1948 TO 2018


WEATHER ITEM   OBSERVED TIME   RECORD YEAR NORMAL DEPARTURE LAST
                VALUE   (LST)  VALUE       VALUE  FROM      YEAR
                                                  NORMAL
..................................................................
TEMPERATURE (F)
 TODAY
  MAXIMUM         82    326 PM 102    2000  83     -1      101
  MINIMUM         55    515 AM  39    1960  53      2       59
  AVERAGE         69

PRECIPITATION (IN)
  TODAY            0.00          0.73 1958   0.01  -0.01     0.00
  MONTH TO DATE    T                         0.41  -0.41      T
  SINCE OCT 1      9.09                     13.56  -4.47    21.68
  SINCE JAN 1      8.13                      8.83  -0.70    15.52

SNOWFALL (IN)
  TODAY            0.0          MM      MM
  MONTH TO DATE    0.0
  SINCE MAR 1      0.0
  SINCE JUL 1      0.0

DEGREE DAYS
 HEATING
  TODAY            0                         1     -1        0
  MONTH TO DATE    3                        50    -47       24
  SINCE MAR 1    432                       564   -132      399
  SINCE JUL 1   2017                      2626   -609     2108

 COOLING
  TODAY            4                         4      0       15
  MONTH TO DATE   73                        61     12      108
  SINCE MAR 1     91                        78     13      110
  SINCE JAN 1     91                        78     13      110
..................................................................


WIND (MPH)
  RESULTANT WIND SPEED  11   RESULTANT WIND DIRECTION   W (280)
  HIGHEST WIND SPEED    18   HIGHEST WIND DIRECTION     W (260)
  HIGHEST GUST SPEED    23   HIGHEST GUST DIRECTION     W (280)


SKY COVER
  POSSIBLE SUNSHINE  MM
  AVERAGE SKY COVER 0.0


WEATHER CONDITIONS
 THE FOLLOWING WEATHER WAS RECORDED TODAY.
  NO SIGNIFICANT WEATHER WAS OBSERVED.


RELATIVE HUMIDITY (PERCENT)
 HIGHEST    77          1200 AM
 LOWEST     36           200 PM
 AVERAGE    57

..........................................................


THE STOCKTON AIRPORT CA CLIMATE NORMALS FOR TOMORROW
                         NORMAL    RECORD    YEAR
 MAXIMUM TEMPERATURE (F)   83       102      1982
 MINIMUM TEMPERATURE (F)   53        44      1960


SUNRISE AND SUNSET
MAY 22 2018...........SUNRISE   550 AM PDT   SUNSET   814 PM PDT
MAY 23 2018...........SUNRISE   549 AM PDT   SUNSET   815 PM PDT


-  INDICATES NEGATIVE NUMBERS.
R  INDICATES RECORD WAS SET OR TIED.
MM INDICATES DATA IS MISSING.
T  INDICATES TRACE AMOUNT.




$$
