871
CDUS44 KSJT 200738
CLISJT


CLIMATE REPORT
NATIONAL WEATHER SERVICE SAN ANGELO TX
238 AM CDT FRI APR 20 2018


...................................

...THE SAN ANGELO CLIMATE SUMMARY FOR APRIL 19 2018...

CLIMATE NORMAL PERIOD 1981 TO 2010
CLIMATE RECORD PERIOD 1907 TO 2018


WEATHER ITEM   OBSERVED TIME   RECORD YEAR NORMAL DEPARTURE LAST
                VALUE   (LST)  VALUE       VALUE  FROM      YEAR
                                                  NORMAL
..................................................................
TEMPERATURE (F)
 YESTERDAY
  MAXIMUM         78    428 PM 107    1925  81     -3       90
  MINIMUM         40    516 AM  34    2013  53    -13       58
  AVERAGE         59                        67     -8       74

PRECIPITATION (IN)
  YESTERDAY        0.00          0.85 1949   0.05  -0.05     0.00
  MONTH TO DATE    0.00                      0.83  -0.83     1.46
  SINCE MAR 1      1.20                      2.33  -1.13     1.71
  SINCE JAN 1      2.57                      4.61  -2.04     4.42

SNOWFALL (IN)
  YESTERDAY        0.0           0.0  2002   0.0    0.0      0.0
  MONTH TO DATE    0.0                       0.0    0.0       T
  SINCE NOV 1      T                         2.2   -2.2       T
  SINCE JUL 1      T                         2.2   -2.2       T
  SNOW DEPTH       0

DEGREE DAYS
 HEATING
  YESTERDAY        6                         2      4        0
  MONTH TO DATE   78                        71      7       32
  SINCE MAR 1    229                       328    -99      152
  SINCE JUL 1   2067                      2289   -222     1476

 COOLING
  YESTERDAY        0                         4     -4        9
  MONTH TO DATE   61                        59      2       87
  SINCE MAR 1    146                        92     54      204
  SINCE JAN 1    165                        97     68      231
..................................................................


WIND (MPH)
  HIGHEST WIND SPEED    21   HIGHEST WIND DIRECTION     E (80)
  HIGHEST GUST SPEED    30   HIGHEST GUST DIRECTION     E (80)
  AVERAGE WIND SPEED    10.0


SKY COVER
  POSSIBLE SUNSHINE  MM
  AVERAGE SKY COVER 0.1


WEATHER CONDITIONS
 THE FOLLOWING WEATHER WAS RECORDED YESTERDAY.
  NO SIGNIFICANT WEATHER WAS OBSERVED.


RELATIVE HUMIDITY (PERCENT)
 HIGHEST    57           500 AM
 LOWEST     16           300 PM
 AVERAGE    37

..........................................................


THE SAN ANGELO CLIMATE NORMALS FOR TODAY
                         NORMAL    RECORD    YEAR
 MAXIMUM TEMPERATURE (F)   81        99      1925
 MINIMUM TEMPERATURE (F)   53        38      1940
                                             1922


SUNRISE AND SUNSET
APRIL 20 2018.........SUNRISE   708 AM CDT   SUNSET   814 PM CDT
APRIL 21 2018.........SUNRISE   707 AM CDT   SUNSET   815 PM CDT


-  INDICATES NEGATIVE NUMBERS.
R  INDICATES RECORD WAS SET OR TIED.
MM INDICATES DATA IS MISSING.
T  INDICATES TRACE AMOUNT.




$$
