077
CDUS45 KSLC 191259
CLISLC


CLIMATE REPORT
NATIONAL WEATHER SERVICE SALT LAKE CITY UT
657 AM MDT THU APR 19 2018


...................................

...THE SALT LAKE CITY UT CLIMATE SUMMARY FOR APRIL 18 2018...

CLIMATE NORMAL PERIOD 1981 TO 2010
CLIMATE RECORD PERIOD 1874 TO 2018


WEATHER ITEM   OBSERVED TIME   RECORD YEAR NORMAL DEPARTURE LAST
                VALUE   (LST)  VALUE       VALUE  FROM      YEAR
                                                  NORMAL
..................................................................
TEMPERATURE (F)
 YESTERDAY
  MAXIMUM         59    536 PM  84    1962  62     -3       62
  MINIMUM         34    438 AM  27    2013  40     -6       45
                                      1941
  AVERAGE         47                        51     -4       54

PRECIPITATION (IN)
  YESTERDAY        0.00          1.07 1959   0.06  -0.06     0.64
  MONTH TO DATE    1.18                      1.18   0.00     1.87
  SINCE OCT 1      7.77                      9.85  -2.08    13.68
  SINCE JAN 1      5.64                      5.47   0.17     9.04

SNOWFALL (IN)
  YESTERDAY        0.0           6.5  1972   0.1   -0.1      0.0
  MONTH TO DATE    1.4                       3.0   -1.6      1.0
  SINCE OCT 1     43.5                      54.9  -11.4     51.3
  SINCE JUL 1     43.5                      54.9  -11.4     51.3
  SNOW DEPTH       0

DEGREE DAYS
 HEATING
  YESTERDAY       18                        14      4       11
  MONTH TO DATE  232                       289    -57      243
  SINCE MAR 1    798                       951   -153      699
  SINCE JUL 1   4334                      5207   -873     4452

 COOLING
  YESTERDAY        0                         0      0        0
  MONTH TO DATE    0                         0      0        0
  SINCE MAR 1      0                         0      0        2
  SINCE JAN 1      0                         0      0        2
..................................................................


WIND (MPH)
  RESULTANT WIND SPEED   4   RESULTANT WIND DIRECTION  SE (150)
  HIGHEST WIND SPEED    14   HIGHEST WIND DIRECTION     S (190)
  HIGHEST GUST SPEED    19   HIGHEST GUST DIRECTION     S (160)
  AVERAGE WIND SPEED     5.0


SKY COVER
  POSSIBLE SUNSHINE  MM
  AVERAGE SKY COVER 0.1


WEATHER CONDITIONS
 THE FOLLOWING WEATHER WAS RECORDED YESTERDAY.
  NO SIGNIFICANT WEATHER WAS OBSERVED.


RELATIVE HUMIDITY (PERCENT)
 HIGHEST    65          1000 PM
 LOWEST     17           300 PM
 AVERAGE    41

..........................................................


THE SALT LAKE CITY UT CLIMATE NORMALS FOR TODAY
                         NORMAL    RECORD    YEAR
 MAXIMUM TEMPERATURE (F)   62        85      1962
 MINIMUM TEMPERATURE (F)   40        24      1982


SUNRISE AND SUNSET
APRIL 19 2018.........SUNRISE   643 AM MDT   SUNSET   812 PM MDT
APRIL 20 2018.........SUNRISE   641 AM MDT   SUNSET   813 PM MDT


-  INDICATES NEGATIVE NUMBERS.
R  INDICATES RECORD WAS SET OR TIED.
MM INDICATES DATA IS MISSING.
T  INDICATES TRACE AMOUNT.




$$
