944
CDUS46 KPQR 211148
CLISLE


CLIMATE REPORT
NATIONAL WEATHER SERVICE PORTLAND OREGON
447 AM PDT SAT APR 21 2018


...................................

...THE SALEM OR CLIMATE SUMMARY FOR APRIL 20 2018...

CLIMATE NORMAL PERIOD 1981 TO 2010
CLIMATE RECORD PERIOD 1892 TO 2018


WEATHER ITEM   OBSERVED TIME   RECORD YEAR NORMAL DEPARTURE LAST
                VALUE   (LST)  VALUE       VALUE  FROM      YEAR
                                                  NORMAL
..................................................................
TEMPERATURE (F)
 YESTERDAY
  MAXIMUM         68    415 PM  85    1934  62      6       61
                                      1906
  MINIMUM         37    546 AM  26    1982  40     -3       41
  AVERAGE         53                        51      2       51

PRECIPITATION (IN)
  YESTERDAY        0.00          0.72 1988   0.09  -0.09     0.08
  MONTH TO DATE    5.02                      2.01   3.01     2.50
  SINCE OCT 1     32.87                     32.91  -0.04    52.30
  SINCE JAN 1     17.77                     16.52   1.25    29.00

DEGREE DAYS
 HEATING
  YESTERDAY       12                        14     -2       14
  MONTH TO DATE  286                       308    -22      296
  SINCE MAR 1    878                       871      7      815
  SINCE JUL 1   3803                      4111   -308     3973

 COOLING
  YESTERDAY        0                         0      0        0
  MONTH TO DATE    0                         0      0        0
  SINCE MAR 1      0                         0      0        0
  SINCE JAN 1      0                         0      0        0
..................................................................


WIND (MPH)
  HIGHEST WIND SPEED    15   HIGHEST WIND DIRECTION    SW (220)
  HIGHEST GUST SPEED    21   HIGHEST GUST DIRECTION    SW (220)
  AVERAGE WIND SPEED     4.9


SKY COVER
  POSSIBLE SUNSHINE  MM
  AVERAGE SKY COVER 0.5


WEATHER CONDITIONS
 THE FOLLOWING WEATHER WAS RECORDED YESTERDAY.
  NO SIGNIFICANT WEATHER WAS OBSERVED.


RELATIVE HUMIDITY (PERCENT)
 HIGHEST    85           500 AM
 LOWEST     31           300 PM
 AVERAGE    58

..........................................................


THE SALEM OR CLIMATE NORMALS FOR TODAY
                         NORMAL    RECORD    YEAR
 MAXIMUM TEMPERATURE (F)   62        81      2009
 MINIMUM TEMPERATURE (F)   40        26      1951


SUNRISE AND SUNSET
APRIL 21 2018.........SUNRISE   617 AM PDT   SUNSET   805 PM PDT
APRIL 22 2018.........SUNRISE   615 AM PDT   SUNSET   806 PM PDT


-  INDICATES NEGATIVE NUMBERS.
R  INDICATES RECORD WAS SET OR TIED.
MM INDICATES DATA IS MISSING.
T  INDICATES TRACE AMOUNT.




$$
