000
CDUS41 KBTV 190526
CLISLK


CLIMATE REPORT
NATIONAL WEATHER SERVICE BURLINGTON VT
125 AM EDT THU APR 19 2018


...................................

...THE SARANAC LAKE NY CLIMATE SUMMARY FOR APRIL 18 2018...

CLIMATE NORMAL PERIOD 1981 TO 2010
CLIMATE RECORD PERIOD 9999 TO 9999


WEATHER ITEM   OBSERVED TIME   NORMAL DEPARTURE LAST
                VALUE   (LST)  VALUE  FROM      YEAR
                                      NORMAL
......................................................
TEMPERATURE (F)
 YESTERDAY
  MAXIMUM         37   1235 PM  52    -15       56
  MINIMUM         26    102 AM  27     -1       25
  AVERAGE         32            39     -7       41

PRECIPITATION (IN)
  YESTERDAY        0.01          0.10  -0.09     0.00
  MONTH TO DATE    2.57          1.68   0.89     1.59
  SINCE MAR 1      2.95          3.96  -1.01     3.71
  SINCE JAN 1      8.15          7.70   0.45     8.25

DEGREE DAYS
 HEATING
  YESTERDAY       33            26      7       24
  MONTH TO DATE  666           533    133      418
  SINCE MAR 1   1920          1790    130     1812
  SINCE JUL 1   8318          8495   -177     7508

 COOLING
  YESTERDAY        0             0      0        0
  MONTH TO DATE    0             0      0        0
  SINCE MAR 1      0             0      0        0
  SINCE JAN 1      0             0      0        0
......................................................


WIND (MPH)
  HIGHEST WIND SPEED    16   HIGHEST WIND DIRECTION    SW (240)
  HIGHEST GUST SPEED    26   HIGHEST GUST DIRECTION    SW (240)
  AVERAGE WIND SPEED     9.7


SKY COVER
  AVERAGE SKY COVER 1.0


WEATHER CONDITIONS
 THE FOLLOWING WEATHER WAS RECORDED YESTERDAY.
  LIGHT SNOW
  FOG


RELATIVE HUMIDITY (PERCENT)
 HIGHEST   100           900 PM
 LOWEST     85           400 AM
 AVERAGE    93

..........................................................


THE SARANAC LAKE NY CLIMATE NORMALS FOR TODAY
                         NORMAL    RECORD    YEAR
 MAXIMUM TEMPERATURE (F)   52        81      2008
 MINIMUM TEMPERATURE (F)   27        14      2001


SUNRISE AND SUNSET
APRIL 19 2018.........SUNRISE   606 AM EDT   SUNSET   746 PM EDT
APRIL 20 2018.........SUNRISE   605 AM EDT   SUNSET   748 PM EDT


-  INDICATES NEGATIVE NUMBERS.
R  INDICATES RECORD WAS SET OR TIED.
MM INDICATES DATA IS MISSING.
T  INDICATES TRACE AMOUNT.




$$
