000
CDUS43 KICT 260624
CLISLN

CLIMATE REPORT
NATIONAL WEATHER SERVICE WICHITA KS
123 AM CDT THU APR 26 2018


...................................

...THE SALINA KS CLIMATE SUMMARY FOR APRIL 25 2018...

CLIMATE NORMAL PERIOD 1981 TO 2010
CLIMATE RECORD PERIOD 1894 TO 2018


WEATHER ITEM   OBSERVED TIME   RECORD YEAR NORMAL DEPARTURE LAST
                VALUE   (LST)  VALUE       VALUE  FROM      YEAR
                                                  NORMAL
..................................................................
TEMPERATURE (F)
 YESTERDAY
  MAXIMUM         51    444 PM  94    1989  70    -19       67
  MINIMUM         38   1053 PM  31    2013  47     -9       46
  AVERAGE         45                        58    -13       57

PRECIPITATION (IN)
  YESTERDAY        0.36          0.96 1921   0.12   0.24      T
  MONTH TO DATE    1.20                      2.48  -1.28     2.39
  SINCE MAR 1      1.95                      4.87  -2.92     6.01
  SINCE JAN 1      2.43                      6.67  -4.24     8.11

DEGREE DAYS
 HEATING
  YESTERDAY       20                         8     12        8
  MONTH TO DATE  452                       283    169      165
  SINCE MAR 1    982                       892     90      625
  SINCE JUL 1   4547                      4733   -186     3293

 COOLING
  YESTERDAY        0                         1     -1        0
  MONTH TO DATE    7                        17    -10       40
  SINCE MAR 1      7                        19    -12       51
  SINCE JAN 1      7                        19    -12       51
..................................................................


WIND (MPH)
  HIGHEST WIND SPEED    22   HIGHEST WIND DIRECTION    NW (330)
  HIGHEST GUST SPEED    26   HIGHEST GUST DIRECTION    NW (320)
  AVERAGE WIND SPEED    12.4


SKY COVER
  POSSIBLE SUNSHINE  MM
  AVERAGE SKY COVER 0.9


WEATHER CONDITIONS
 THE FOLLOWING WEATHER WAS RECORDED YESTERDAY.
  RAIN
  LIGHT RAIN
  FOG


RELATIVE HUMIDITY (PERCENT)
 HIGHEST   100           200 AM
 LOWEST     80           400 PM
 AVERAGE    90

..........................................................


THE SALINA KS CLIMATE NORMALS FOR TODAY
                         NORMAL    RECORD    YEAR
 MAXIMUM TEMPERATURE (F)   70        99      1989
 MINIMUM TEMPERATURE (F)   47        20      1907


SUNRISE AND SUNSET
APRIL 26 2018.........SUNRISE   639 AM CDT   SUNSET   818 PM CDT
APRIL 27 2018.........SUNRISE   638 AM CDT   SUNSET   819 PM CDT


-  INDICATES NEGATIVE NUMBERS.
R  INDICATES RECORD WAS SET OR TIED.
MM INDICATES DATA IS MISSING.
T  INDICATES TRACE AMOUNT.




$$
