763
CDUS43 KILX 272139
CLISPI


CLIMATE REPORT
NATIONAL WEATHER SERVICE LINCOLN IL
439 PM CDT SUN MAY 27 2018


...................................

...THE SPRINGFIELD IL CLIMATE SUMMARY FOR MAY 27 2018...
VALID TODAY AS OF 0400 PM LOCAL TIME.

CLIMATE NORMAL PERIOD 1981 TO 2010
CLIMATE RECORD PERIOD 1879 TO 2018


WEATHER ITEM   OBSERVED TIME   RECORD YEAR NORMAL DEPARTURE LAST
                VALUE   (LST)  VALUE       VALUE  FROM      YEAR
                                                  NORMAL
..................................................................
TEMPERATURE (F)
 TODAY
  MAXIMUM         97R   142 PM  94    1911  78     19       82
  MINIMUM         71    507 AM  34    1992  56     15       61
  AVERAGE         84                        67     17       72

PRECIPITATION (IN)
  TODAY            0.00          2.54 1888   0.14  -0.14     0.00
  MONTH TO DATE    1.84                      3.67  -1.83     4.06
  SINCE MAR 1      8.38                      9.81  -1.43    15.24
  SINCE JAN 1     13.10                     13.44  -0.34    16.71

SNOWFALL (IN)
  TODAY            0.0           0.0    MM   0.0    0.0      0.0
  MONTH TO DATE    0.0                       0.0    0.0      0.0
  SINCE MAR 1      4.8                       2.8    2.0      4.6
  SINCE JUL 1     11.8                      20.9   -9.1     10.3
  SNOW DEPTH       0

DEGREE DAYS
 HEATING
  TODAY            0                         2     -2        0
  MONTH TO DATE    0                       118   -118      110
  SINCE MAR 1   1267                      1192     75      909
  SINCE JUL 1   5245                      5463   -218     4164

 COOLING
  TODAY           19                         4     15        7
  MONTH TO DATE  238                        66    172       85
  SINCE MAR 1    248                        86    162      122
  SINCE JAN 1    248                        86    162      122
..................................................................


WIND (MPH)
  HIGHEST WIND SPEED    21   HIGHEST WIND DIRECTION     E (100)
  HIGHEST GUST SPEED    27   HIGHEST GUST DIRECTION     E (90)
  AVERAGE WIND SPEED     3.9


SKY COVER
  POSSIBLE SUNSHINE  MM
  AVERAGE SKY COVER 0.0


WEATHER CONDITIONS
 THE FOLLOWING WEATHER WAS RECORDED TODAY.
  THUNDERSTORM


RELATIVE HUMIDITY (PERCENT)
 HIGHEST    93           400 AM
 LOWEST     46           100 PM
 AVERAGE    70

..........................................................


THE SPRINGFIELD IL CLIMATE NORMALS FOR TOMORROW
                         NORMAL    RECORD    YEAR
 MAXIMUM TEMPERATURE (F)   78        94      2006
 MINIMUM TEMPERATURE (F)   57        40      1992


SUNRISE AND SUNSET
MAY 27 2018...........SUNRISE   535 AM CDT   SUNSET   817 PM CDT
MAY 28 2018...........SUNRISE   534 AM CDT   SUNSET   818 PM CDT


-  INDICATES NEGATIVE NUMBERS.
R  INDICATES RECORD WAS SET OR TIED.
MM INDICATES DATA IS MISSING.
T  INDICATES TRACE AMOUNT.




$$
