000
CDUS44 KOUN 280645
CLISPS

CLIMATE REPORT
NATIONAL WEATHER SERVICE NORMAN OK
138 AM CDT MON MAY 28 2018


...................................

...THE WICHITA FALLS CLIMATE SUMMARY FOR MAY 27 2018...

CLIMATE NORMAL PERIOD 1981 TO 2010
CLIMATE RECORD PERIOD 1897 TO 2018


WEATHER ITEM   OBSERVED TIME   RECORD YEAR NORMAL DEPARTURE LAST
                VALUE   (LST)  VALUE       VALUE  FROM      YEAR
                                                  NORMAL
..................................................................
TEMPERATURE (F)
 YESTERDAY
  MAXIMUM         95    250 PM 106    2011  87      8       99
                                      1927
  MINIMUM         71    605 AM  45    1961  63      8       66
  AVERAGE         83                        75      8       83

PRECIPITATION (IN)
  YESTERDAY        0.00          2.39 1905   0.14  -0.14     0.00
  MONTH TO DATE    4.22                      3.22   0.00     4.55
  SINCE MAR 1      8.55                      8.03   0.52     6.34
  SINCE JAN 1     11.41                     10.92   0.49    10.31

SNOWFALL (IN)
  YESTERDAY        0.0           0.0  2002   0.0    0.0      0.0
  MONTH TO DATE    0.0                       0.0    0.0      0.0
  SINCE MAR 1      0.0                       0.5   -0.5      0.0
  SINCE JUL 1      1.0                       3.9   -2.9       T

DEGREE DAYS
 HEATING
  YESTERDAY        0                         0      0        0
  MONTH TO DATE    0                        20    -20       13
  SINCE MAR 1    490                       519    -29      318
  SINCE JUL 1   2876                      2965    -89     2162

 COOLING
  YESTERDAY       18                        10      8       18
  MONTH TO DATE  293                       184    109      161
  SINCE MAR 1    366                       273     93      292
  SINCE JAN 1    375                       276     99      310
..................................................................


WIND (MPH)
  HIGHEST WIND SPEED    22   HIGHEST WIND DIRECTION    SE (150)
  HIGHEST GUST SPEED    27   HIGHEST GUST DIRECTION    SE (150)
  AVERAGE WIND SPEED    12.1


SKY COVER
  AVERAGE SKY COVER 0.0


WEATHER CONDITIONS
 THE FOLLOWING WEATHER WAS RECORDED YESTERDAY.
  NO SIGNIFICANT WEATHER WAS OBSERVED.


RELATIVE HUMIDITY (PERCENT)
 HIGHEST    84           500 AM
 LOWEST     44           300 PM
 AVERAGE    64

..........................................................


THE WICHITA FALLS CLIMATE NORMALS FOR TODAY
                         NORMAL    RECORD    YEAR
 MAXIMUM TEMPERATURE (F)   87       110      2011
 MINIMUM TEMPERATURE (F)   63        48      1947


SUNRISE AND SUNSET
MAY 28 2018...........SUNRISE   625 AM CDT   SUNSET   838 PM CDT
MAY 29 2018...........SUNRISE   625 AM CDT   SUNSET   838 PM CDT


-  INDICATES NEGATIVE NUMBERS.
R  INDICATES RECORD WAS SET OR TIED.
MM INDICATES DATA IS MISSING.
T  INDICATES TRACE AMOUNT.




$$
