000
CDUS42 KTBW 262113
CLISRQ


CLIMATE REPORT
NATIONAL WEATHER SERVICE TAMPA BAY FL
511 PM EDT THU APR 26 2018


...................................

...THE SARASOTA BRADENTON CLIMATE SUMMARY FOR APRIL 26 2018...
VALID TODAY AS OF 0500 PM LOCAL TIME.

CLIMATE NORMAL PERIOD 1981 TO 2010
CLIMATE RECORD PERIOD 1911 TO 2018


WEATHER ITEM   OBSERVED TIME   RECORD YEAR NORMAL DEPARTURE LAST
                VALUE   (LST)  VALUE       VALUE  FROM      YEAR
                                                  NORMAL
..................................................................
TEMPERATURE (F)
 TODAY
  MAXIMUM         78    246 PM  91    1999  82     -4       84
                                      1958
  MINIMUM         63    620 AM  47    1983  63      0       65
  AVERAGE         71                        73     -2       75

PRECIPITATION (IN)
  TODAY            0.00          3.16 2003   0.08  -0.08     0.00
  MONTH TO DATE    2.52                      2.21   0.31      T
  SINCE MAR 1      4.82                      6.07  -1.25     0.74
  SINCE JAN 1      7.91                     11.26  -3.35     3.23

DEGREE DAYS
 HEATING
  TODAY            0                         0      0        0
  MONTH TO DATE    0                         8     -8        1
  SINCE MAR 1     90                        57     33       54
  SINCE JUL 1    389                       475    -86      202

 COOLING
  TODAY            6                         8     -2       10
  MONTH TO DATE  198                       161     37      242
  SINCE MAR 1    282                       261     21      359
  SINCE JAN 1    522                       365    157      533
..................................................................


WIND (MPH)
  RESULTANT WIND SPEED   5   RESULTANT WIND DIRECTION   W (290)
  HIGHEST WIND SPEED    12   HIGHEST WIND DIRECTION    SW (240)
  HIGHEST GUST SPEED    16   HIGHEST GUST DIRECTION     W (280)
  AVERAGE WIND SPEED     7.2


SKY COVER
  POSSIBLE SUNSHINE  MM
  AVERAGE SKY COVER 0.2


WEATHER CONDITIONS
 THE FOLLOWING WEATHER WAS RECORDED TODAY.
  NO SIGNIFICANT WEATHER WAS OBSERVED.


RELATIVE HUMIDITY (PERCENT)
 HIGHEST    81           700 AM
 LOWEST     60          1000 AM

..........................................................


THE SARASOTA BRADENTON CLIMATE NORMALS FOR TOMORROW
                         NORMAL    RECORD    YEAR
 MAXIMUM TEMPERATURE (F)   83        92      1999
 MINIMUM TEMPERATURE (F)   63        45      1926


SUNRISE AND SUNSET
APRIL 26 2018.........SUNRISE   655 AM EDT   SUNSET   801 PM EDT
APRIL 27 2018.........SUNRISE   654 AM EDT   SUNSET   802 PM EDT


-  INDICATES NEGATIVE NUMBERS.
R  INDICATES RECORD WAS SET OR TIED.
MM INDICATES DATA IS MISSING.
T  INDICATES TRACE AMOUNT.




$$


&&
------------------------------------------------------------------
******************** SUPPLEMENTAL DATA ***************************

...GULF WATER TEMPERATURE AT VENICE 78 DEGREES
