000
CDUS46 KMTR 280026
CLISTS


CLIMATE REPORT
NATIONAL WEATHER SERVICE SAN FRANCISCO BAY AREA
526 PM PDT SUN MAY 27 2018


...................................

...THE SANTA ROSA AIRPORT CLIMATE SUMMARY FOR MAY 27 2018...
VALID TODAY AS OF 0500 PM LOCAL TIME.

CLIMATE NORMAL PERIOD 1981 TO 2010
CLIMATE RECORD PERIOD 1998 TO 2018


WEATHER ITEM   OBSERVED TIME   RECORD YEAR NORMAL DEPARTURE LAST
                VALUE   (LST)  VALUE       VALUE  FROM      YEAR
                                                  NORMAL
..................................................................
TEMPERATURE (F)
 TODAY
  MAXIMUM         85    117 PM  89    2014  77      8       73
                                      2003
  MINIMUM         47    443 AM  43    2010  48     -1       45
                                      2006
  AVERAGE         66                        62      4       59

PRECIPITATION (IN)
  TODAY            0.00          0.92 2010   0.03  -0.03     0.00
  MONTH TO DATE    0.13                      1.24  -1.11     0.03
  SINCE OCT 1     24.83                     35.51 -10.68    60.10
  SINCE JAN 1     18.52                     21.76  -3.24    41.68

DEGREE DAYS
 HEATING
  TODAY            0                                         6
  MONTH TO DATE  109                                       115
  SINCE MAR 1    798                                       669
  SINCE JUL 1   2671                                      2692

 COOLING
  TODAY            1                                         0
  MONTH TO DATE    5                                        37
  SINCE MAR 1      6                                        37
  SINCE JAN 1      6                                        37
..................................................................


WIND (MPH)
  RESULTANT WIND SPEED   3   RESULTANT WIND DIRECTION   S (160)
  HIGHEST WIND SPEED    16   HIGHEST WIND DIRECTION    SE (140)
  HIGHEST GUST SPEED    20   HIGHEST GUST DIRECTION     S (160)
  AVERAGE WIND SPEED     3.5


SKY COVER
  POSSIBLE SUNSHINE  MM
  AVERAGE SKY COVER 0.1


WEATHER CONDITIONS
 THE FOLLOWING WEATHER WAS RECORDED TODAY.
  FOG


RELATIVE HUMIDITY (PERCENT)
 HIGHEST   100           300 AM
 LOWEST     40           100 PM
 AVERAGE    70

..........................................................


THE SANTA ROSA AIRPORT CLIMATE NORMALS FOR TOMORROW
                         NORMAL    RECORD    YEAR
 MAXIMUM TEMPERATURE (F)   77        93      2003
 MINIMUM TEMPERATURE (F)   48        37      2010


SUNRISE AND SUNSET
MAY 27 2018...........SUNRISE   551 AM PDT   SUNSET   826 PM PDT
MAY 28 2018...........SUNRISE   551 AM PDT   SUNSET   827 PM PDT


-  INDICATES NEGATIVE NUMBERS.
R  INDICATES RECORD WAS SET OR TIED.
MM INDICATES DATA IS MISSING.
T  INDICATES TRACE AMOUNT.




$$
