000
CDUS42 KTBW 260830
CLITPA


CLIMATE REPORT
NATIONAL WEATHER SERVICE TAMPA BAY FL
428 AM EDT SAT MAY 26 2018


...................................

...THE TAMPA CLIMATE SUMMARY FOR MAY 25 2018...

CLIMATE NORMAL PERIOD 1981 TO 2010
CLIMATE RECORD PERIOD 1890 TO 2018


WEATHER ITEM   OBSERVED TIME   RECORD YEAR NORMAL DEPARTURE LAST
                VALUE   (LST)  VALUE       VALUE  FROM      YEAR
                                                  NORMAL
..................................................................
TEMPERATURE (F)
 YESTERDAY
  MAXIMUM         90   1259 PM  96    2012  89      1       85
  MINIMUM         75   1159 PM  58    1892  72      3       71
  AVERAGE         83                        80      3       78

PRECIPITATION (IN)
  YESTERDAY        0.08          2.45 1984   0.09  -0.01     0.00
  MONTH TO DATE    5.80                      1.52   4.28     1.48
  SINCE MAR 1      8.31                      6.58   1.73     3.06
  SINCE JAN 1     16.02                     11.62   4.40     6.02

DEGREE DAYS
 HEATING
  YESTERDAY        0                         0      0        0
  MONTH TO DATE    0                         0      0        0
  SINCE MAR 1     67                        67      0       28
  SINCE JUL 1    338                       538   -200      164

 COOLING
  YESTERDAY       18                        15      3       13
  MONTH TO DATE  354                       323     31      401
  SINCE MAR 1    758                       670     88      960
  SINCE JAN 1   1075                       783    292     1213
..................................................................


WIND (MPH)
  RESULTANT WIND SPEED   4   RESULTANT WIND DIRECTION   E (110)
  HIGHEST WIND SPEED    20   HIGHEST WIND DIRECTION    SE (150)
  HIGHEST GUST SPEED    30   HIGHEST GUST DIRECTION     E (100)
  AVERAGE WIND SPEED     5.8


SKY COVER
  POSSIBLE SUNSHINE  MM
  AVERAGE SKY COVER 0.6


WEATHER CONDITIONS
 THE FOLLOWING WEATHER WAS RECORDED YESTERDAY.
  THUNDERSTORM
  LIGHT RAIN


RELATIVE HUMIDITY (PERCENT)
 HIGHEST    94           100 AM
 LOWEST     52           100 PM
 AVERAGE    73

..........................................................


THE TAMPA CLIMATE NORMALS FOR TODAY
                         NORMAL    RECORD    YEAR
 MAXIMUM TEMPERATURE (F)   89        98      1975
 MINIMUM TEMPERATURE (F)   72        60      1979
                                             1967


SUNRISE AND SUNSET
MAY 26 2018...........SUNRISE   636 AM EDT   SUNSET   819 PM EDT
MAY 27 2018...........SUNRISE   635 AM EDT   SUNSET   820 PM EDT


-  INDICATES NEGATIVE NUMBERS.
R  INDICATES RECORD WAS SET OR TIED.
MM INDICATES DATA IS MISSING.
T  INDICATES TRACE AMOUNT.




$$


&&
------------------------------------------------------------------
******************** SUPPLEMENTAL DATA ***************************

...RUSKIN                HIGH 84    LOW 73    PCPN 0.62
...SARASOTA/BRADENTON    HIGH 87    LOW 72    PCPN 0.44
...ST. PETERSBURG        HIGH 87    LOW 76    PCPN 0.02
...GULF WATER TEMPERATURE AT CLEARWATER BEACH 82 DEGREES
