000
CDUS46 KPQR 251143
CLITTD


CLIMATE REPORT
NATIONAL WEATHER SERVICE PORTLAND OREGON
443 AM PDT WED APR 25 2018


...................................

...THE TROUTDALE OR CLIMATE SUMMARY FOR APRIL 24 2018...

CLIMATE NORMAL PERIOD 1981 TO 2010
CLIMATE RECORD PERIOD 1948 TO 2018


WEATHER ITEM   OBSERVED TIME   RECORD YEAR NORMAL DEPARTURE LAST
                VALUE   (LST)  VALUE       VALUE  FROM      YEAR
                                                  NORMAL
..................................................................
TEMPERATURE (F)
 YESTERDAY
  MAXIMUM         77R   333 PM  77    1995  63     14       54
  MINIMUM         57    539 AM  32    1950  42     15       45
  AVERAGE         67                        53     14       50

PRECIPITATION (IN)
  YESTERDAY        0.00                      0.12  -0.12     0.95
  MONTH TO DATE    3.73                      3.15   0.58     4.20
  SINCE OCT 1     27.95                     37.46  -9.51    43.05
  SINCE JAN 1     13.61                     19.06  -5.45    21.96

DEGREE DAYS
 HEATING
  YESTERDAY        0                        12    -12       15
  MONTH TO DATE  304                       336    -32      309

 COOLING
  YESTERDAY        2                         0      2        0
  MONTH TO DATE    2                         0      2        0
..................................................................


WIND (MPH)
  HIGHEST WIND SPEED    26   HIGHEST WIND DIRECTION     E (110)
  HIGHEST GUST SPEED    36   HIGHEST GUST DIRECTION     E (100)
  AVERAGE WIND SPEED    16.6


SKY COVER
  POSSIBLE SUNSHINE  MM
  AVERAGE SKY COVER 0.0


WEATHER CONDITIONS
 THE FOLLOWING WEATHER WAS RECORDED YESTERDAY.
  NO SIGNIFICANT WEATHER WAS OBSERVED.


RELATIVE HUMIDITY (PERCENT)
 HIGHEST    36           400 AM
 LOWEST     25           100 PM
 AVERAGE    31

..........................................................


THE TROUTDALE OR CLIMATE NORMALS FOR TODAY
                         NORMAL    RECORD    YEAR
 MAXIMUM TEMPERATURE (F)   63        82      2001
                                             1995
 MINIMUM TEMPERATURE (F)   42        31      1955


SUNRISE AND SUNSET
APRIL 25 2018.........SUNRISE   607 AM PDT   SUNSET   809 PM PDT
APRIL 26 2018.........SUNRISE   605 AM PDT   SUNSET   810 PM PDT


-  INDICATES NEGATIVE NUMBERS.
R  INDICATES RECORD WAS SET OR TIED.
MM INDICATES DATA IS MISSING.
T  INDICATES TRACE AMOUNT.




$$
