000
CDUS41 KPHI 190554
CLITTN


CLIMATE REPORT
NATIONAL WEATHER SERVICE MOUNT HOLLY NJ
154 AM EDT THU APR 19 2018


...................................

...THE TRENTON NJ CLIMATE SUMMARY FOR APRIL 18 2018...

CLIMATE NORMAL PERIOD 1981 TO 2010
CLIMATE RECORD PERIOD 1865 TO 2018


WEATHER ITEM   OBSERVED TIME   RECORD YEAR NORMAL DEPARTURE LAST
                VALUE   (LST)  VALUE       VALUE  FROM      YEAR
                                                  NORMAL
..................................................................
TEMPERATURE (F)
 YESTERDAY
  MAXIMUM         54    520 PM  93    1976  62     -8       67
  MINIMUM         36    226 AM  29    1875  42     -6       44
  AVERAGE         45                        52     -7       56

PRECIPITATION (IN)
  YESTERDAY        0.00          1.94 1924   0.12  -0.12     0.00
  MONTH TO DATE    2.71                      2.31   0.40     1.79
  SINCE MAR 1      6.12                      6.45  -0.33     6.40
  SINCE JAN 1     14.44                     11.92   2.52    11.14

DEGREE DAYS
 HEATING
  YESTERDAY       20                        13      7        9
  MONTH TO DATE  333                       285     48      172
  SINCE MAR 1   1127                      1017    110      960
  SINCE JUL 1   4614                      4831   -217     4179

 COOLING
  YESTERDAY        0                         0      0        0
  MONTH TO DATE    6                         0      6       10
  SINCE MAR 1      6                         0      6       10
  SINCE JAN 1      9                         0      9       10
..................................................................


WIND (MPH)
  HIGHEST WIND SPEED    18   HIGHEST WIND DIRECTION     W (270)
  HIGHEST GUST SPEED    26   HIGHEST GUST DIRECTION     W (260)
  AVERAGE WIND SPEED     8.0


SKY COVER
  POSSIBLE SUNSHINE  MM
  AVERAGE SKY COVER 0.5


WEATHER CONDITIONS
 THE FOLLOWING WEATHER WAS RECORDED YESTERDAY.
  NO SIGNIFICANT WEATHER WAS OBSERVED.


RELATIVE HUMIDITY (PERCENT)
 HIGHEST    70           100 AM
 LOWEST     41           400 PM
 AVERAGE    56

..........................................................


THE TRENTON NJ CLIMATE NORMALS FOR TODAY
                         NORMAL    RECORD    YEAR
 MAXIMUM TEMPERATURE (F)   63        90      1976
 MINIMUM TEMPERATURE (F)   42        25      1875


SUNRISE AND SUNSET
APRIL 19 2018.........SUNRISE   615 AM EDT   SUNSET   742 PM EDT
APRIL 20 2018.........SUNRISE   614 AM EDT   SUNSET   743 PM EDT


-  INDICATES NEGATIVE NUMBERS.
R  INDICATES RECORD WAS SET OR TIED.
MM INDICATES DATA IS MISSING.
T  INDICATES TRACE AMOUNT.




$$
