000
CDUS44 KSHV 252140
CLITXK


CLIMATE REPORT
NATIONAL WEATHER SERVICE SHREVEPORT, LA
438 PM CDT WED APR 25 2018


...................................

...THE TEXARKANA CLIMATE SUMMARY FOR APRIL 25 2018...
VALID TODAY AS OF 0400 PM LOCAL TIME.

CLIMATE NORMAL PERIOD 1981 TO 2010
CLIMATE RECORD PERIOD 1896 TO 2018


WEATHER ITEM   OBSERVED TIME   RECORD YEAR NORMAL DEPARTURE LAST
                VALUE   (LST)  VALUE       VALUE  FROM      YEAR
                                                  NORMAL
..................................................................
TEMPERATURE (F)
 TODAY
  MAXIMUM         67   1217 PM  91    1900  78    -11       81
  MINIMUM         54    601 AM  33    1898  55     -1       56
  AVERAGE         61                        66     -5       69

PRECIPITATION (IN)
  TODAY            0.00          4.47 1966   0.15  -0.15     0.00
  MONTH TO DATE    2.31                      3.19  -0.88     3.28
  SINCE DEC 1     29.58                     19.83   9.75    21.02
  SINCE JAN 1     22.99                     14.78   8.21    14.60

SNOWFALL (IN)
  TODAY            0.0
  MONTH TO DATE    0.0
  SINCE MAR 1      0.0
  SINCE JUL 1      2.0
  SNOW DEPTH       0

DEGREE DAYS
 HEATING
  TODAY            4                         2      2        0
  MONTH TO DATE  182                       101     81       34
  SINCE MAR 1    401                       401      0      233
  SINCE JUL 1   2516                      2595    -79     1684

 COOLING
  TODAY            0                         3     -3        4
  MONTH TO DATE   16                        56    -40       80
  SINCE MAR 1     44                        75    -31      129
  SINCE JAN 1     58                        79    -21      161
..................................................................


WIND (MPH)
  HIGHEST WIND SPEED    14   HIGHEST WIND DIRECTION     W (290)
  HIGHEST GUST SPEED    17   HIGHEST GUST DIRECTION    NW (320)
  AVERAGE WIND SPEED     3.8


SKY COVER
  POSSIBLE SUNSHINE  MM
  AVERAGE SKY COVER 0.5


WEATHER CONDITIONS
 THE FOLLOWING WEATHER WAS RECORDED TODAY.
  NO SIGNIFICANT WEATHER WAS OBSERVED.


RELATIVE HUMIDITY (PERCENT)
 HIGHEST    93           600 AM
 LOWEST     67          1000 AM
 AVERAGE    80

..........................................................


THE TEXARKANA CLIMATE NORMALS FOR TOMORROW
                         NORMAL    RECORD    YEAR
 MAXIMUM TEMPERATURE (F)   78        90      1939
 MINIMUM TEMPERATURE (F)   56        38      1992


SUNRISE AND SUNSET
APRIL 25 2018.........SUNRISE   634 AM CDT   SUNSET   754 PM CDT
APRIL 26 2018.........SUNRISE   633 AM CDT   SUNSET   755 PM CDT


-  INDICATES NEGATIVE NUMBERS.
R  INDICATES RECORD WAS SET OR TIED.
MM INDICATES DATA IS MISSING.
T  INDICATES TRACE AMOUNT.




$$
