000
CDUS43 KSGF 230626
CLIUNO


CLIMATE REPORT
NATIONAL WEATHER SERVICE SPRINGFIELD MO
126 AM CDT SAT JUN 23 2018


...................................

...THE WEST PLAINS MO CLIMATE SUMMARY FOR JUNE 22 2018...

CLIMATE NORMAL PERIOD 1981 TO 2010
CLIMATE RECORD PERIOD 1947 TO 2018


WEATHER ITEM   OBSERVED TIME   RECORD YEAR NORMAL DEPARTURE LAST
                VALUE   (LST)  VALUE       VALUE  FROM      YEAR
                                                  NORMAL
..................................................................
TEMPERATURE (F)
 YESTERDAY
  MAXIMUM         83    348 PM  99    1988  86     -3       86
  MINIMUM         63    452 AM  45    1992  65     -2       71
  AVERAGE         73                        76     -3       79

PRECIPITATION (IN)
  YESTERDAY        0.00          1.64 1956   0.14  -0.14      T
  MONTH TO DATE    0.73                      2.96  -2.23     0.71
  SINCE JUN 1      0.73                      2.96  -2.23     0.71
  SINCE JAN 1     23.47                     22.23   1.24    36.12

DEGREE DAYS
 HEATING
  YESTERDAY        0                         0      0        0
  MONTH TO DATE    0                         4     -4        0
  SINCE JUN 1      0                         4     -4        0
  SINCE JUL 1   4217                      4346   -129     3324

 COOLING
  YESTERDAY        8                        10     -2       14
  MONTH TO DATE  284                       176    108      189
  SINCE JUN 1    284                       176    108      189
  SINCE JAN 1    538                       298    240      311
..................................................................


WIND (MPH)
  HIGHEST WIND SPEED    16   HIGHEST WIND DIRECTION    NW (310)
  HIGHEST GUST SPEED    24   HIGHEST GUST DIRECTION    NW (300)
  AVERAGE WIND SPEED     5.5


SKY COVER
  AVERAGE SKY COVER 0.5


WEATHER CONDITIONS
 THE FOLLOWING WEATHER WAS RECORDED YESTERDAY.
  NO SIGNIFICANT WEATHER WAS OBSERVED.


RELATIVE HUMIDITY (PERCENT)
 HIGHEST    93           400 AM
 LOWEST     54           400 PM
 AVERAGE    74

..........................................................


THE WEST PLAINS MO CLIMATE NORMALS FOR TODAY
                         NORMAL    RECORD    YEAR
 MAXIMUM TEMPERATURE (F)   86        99      1952
 MINIMUM TEMPERATURE (F)   65        45      1992


SUNRISE AND SUNSET
JUNE 23 2018..........SUNRISE   549 AM CDT   SUNSET   831 PM CDT
JUNE 24 2018..........SUNRISE   549 AM CDT   SUNSET   831 PM CDT


-  INDICATES NEGATIVE NUMBERS.
R  INDICATES RECORD WAS SET OR TIED.
MM INDICATES DATA IS MISSING.
T  INDICATES TRACE AMOUNT.




$$
