000
CDUS43 KSGF 250627
CLIVIH


CLIMATE REPORT
NATIONAL WEATHER SERVICE SPRINGFIELD MO
126 AM CDT WED APR 25 2018


...................................

...THE VICHY-ROLLA MO CLIMATE SUMMARY FOR APRIL 24 2018...

CLIMATE NORMAL PERIOD 1981 TO 2010
CLIMATE RECORD PERIOD 1888 TO 2018


WEATHER ITEM   OBSERVED TIME   RECORD YEAR NORMAL DEPARTURE LAST
                VALUE   (LST)  VALUE       VALUE  FROM      YEAR
                                                  NORMAL
..................................................................
TEMPERATURE (F)
 YESTERDAY
  MAXIMUM         71    439 PM  88    1965  69      2       76
  MINIMUM         52   1159 PM  29    1956  47      5       39
  AVERAGE         62                        58      4       58

PRECIPITATION (IN)
  YESTERDAY        0.00          2.46 1975   0.16  -0.16     0.00
  MONTH TO DATE    1.75                      3.30  -1.55     3.31
  SINCE MAR 1      5.14                      6.75  -1.61     6.45
  SINCE JAN 1     12.19                     10.85   1.34     8.51

DEGREE DAYS
 HEATING
  YESTERDAY        3                         8     -5        7
  MONTH TO DATE  431                       271    160      160
  SINCE MAR 1   1096                       885    211      663
  SINCE JUL 1   4671                      4675     -4     3649

 COOLING
  YESTERDAY        0                         1     -1        0
  MONTH TO DATE   10                        18     -8       30
  SINCE MAR 1     10                        22    -12       33
  SINCE JAN 1     10                        22    -12       34
..................................................................


WIND (MPH)
  HIGHEST WIND SPEED    16   HIGHEST WIND DIRECTION     N (350)
  HIGHEST GUST SPEED    21   HIGHEST GUST DIRECTION    NE (30)
  AVERAGE WIND SPEED     7.4


SKY COVER
  AVERAGE SKY COVER 0.7


WEATHER CONDITIONS
 THE FOLLOWING WEATHER WAS RECORDED YESTERDAY.
  NO SIGNIFICANT WEATHER WAS OBSERVED.


RELATIVE HUMIDITY (PERCENT)
 HIGHEST    93           200 AM
 LOWEST     44           400 PM
 AVERAGE    69

..........................................................


THE VICHY-ROLLA MO CLIMATE NORMALS FOR TODAY
                         NORMAL    RECORD    YEAR
 MAXIMUM TEMPERATURE (F)   69        86      2012
 MINIMUM TEMPERATURE (F)   47        34      2013


SUNRISE AND SUNSET
APRIL 25 2018.........SUNRISE   618 AM CDT   SUNSET   753 PM CDT
APRIL 26 2018.........SUNRISE   617 AM CDT   SUNSET   754 PM CDT


-  INDICATES NEGATIVE NUMBERS.
R  INDICATES RECORD WAS SET OR TIED.
MM INDICATES DATA IS MISSING.
T  INDICATES TRACE AMOUNT.




$$
