000
CDUS42 KTAE 200634
CLIVLD


CLIMATE REPORT
NATIONAL WEATHER SERVICE TALLAHASSEE FL
234 AM EDT FRI APR 20 2018


...................................

...THE VALDOSTA CLIMATE SUMMARY FOR APRIL 19 2018...

CLIMATE NORMAL PERIOD 1981 TO 2010
CLIMATE RECORD PERIOD 1948 TO 2018


WEATHER ITEM   OBSERVED TIME   NORMAL DEPARTURE LAST
                VALUE   (LST)  VALUE  FROM      YEAR
                                      NORMAL
......................................................
TEMPERATURE (F)
 YESTERDAY
  MAXIMUM         86    253 PM  80      6       85
  MINIMUM         60   1051 PM  53      7       59
  AVERAGE         73            67      6       72

PRECIPITATION (IN)
  YESTERDAY        0.00          0.09  -0.09     0.00
  MONTH TO DATE    2.60          2.05   0.55     1.92
  SINCE MAR 1      4.42          6.92  -2.50     3.12
  SINCE JAN 1     10.29         15.65  -5.36    13.43

SNOWFALL (IN)
  YESTERDAY        0.0
  MONTH TO DATE    0.0
  SINCE MAR 1      0.0
  SINCE JUL 1      0.6

DEGREE DAYS
 HEATING
  YESTERDAY        0             2     -2        0
  MONTH TO DATE   60            55      5       27
  SINCE MAR 1    332           241     91      201
  SINCE JUL 1   1579          1621    -42      987

 COOLING
  YESTERDAY        8             3      5        7
  MONTH TO DATE   24            46    -22       73
  SINCE MAR 1     58            79    -21      130
  SINCE JAN 1    141            89     52      176
......................................................


WIND (MPH)
  HIGHEST WIND SPEED    17   HIGHEST WIND DIRECTION     W (260)
  HIGHEST GUST SPEED    23   HIGHEST GUST DIRECTION     W (260)
  AVERAGE WIND SPEED     5.2




RELATIVE HUMIDITY (PERCENT)
 HIGHEST   100
 LOWEST     42
 AVERAGE    71

..........................................................




SUNRISE AND SUNSET
APRIL 20 2018.........SUNRISE   700 AM EDT   SUNSET   804 PM EDT
APRIL 21 2018.........SUNRISE   659 AM EDT   SUNSET   805 PM EDT


-  INDICATES NEGATIVE NUMBERS.
R  INDICATES RECORD WAS SET OR TIED.
MM INDICATES DATA IS MISSING.
T  INDICATES TRACE AMOUNT.




$$
