000
CDUS43 KLOT 250639
CLIVPZ


CLIMATE REPORT
NATIONAL WEATHER SERVICE CHICAGO IL
137 AM CDT FRI MAY 25 2018


...................................

...THE VALPARAISO CLIMATE SUMMARY FOR MAY 24 2018...

CLIMATE NORMAL PERIOD 1981 TO 2010
CLIMATE RECORD PERIOD 1998 TO 2018


WEATHER ITEM   OBSERVED TIME   RECORD YEAR NORMAL DEPARTURE LAST
                VALUE   (LST)  VALUE       VALUE  FROM      YEAR
                                                  NORMAL
..................................................................
TEMPERATURE (F)
 YESTERDAY
  MAXIMUM         86    450 PM  90    2010  73     13       66
  MINIMUM         57    434 AM  39    2013  51      6       51
  AVERAGE         72                        62     10       59

PRECIPITATION (IN)
  YESTERDAY        0.00          0.52 2006   0.13  -0.13     0.10
  MONTH TO DATE    3.11                      3.05   0.06     3.23
  SINCE MAR 1      5.41                      9.06  -3.65    11.68
  SINCE JAN 1     11.43                     12.23  -0.80    15.12

DEGREE DAYS
 HEATING
  YESTERDAY        0                         5     -5        6
  MONTH TO DATE   48                       190   -142      208
  SINCE MAR 1   1556                      1517     39     1313
  SINCE JUL 1   5858                      6249   -391     5027

 COOLING
  YESTERDAY        7                         2      5        0
  MONTH TO DATE   55                        26     29       33
  SINCE MAR 1     55                        31     24       46
  SINCE JAN 1     55                        31     24       46
..................................................................


WIND (MPH)
  RESULTANT WIND SPEED   3   RESULTANT WIND DIRECTION  SE (120)
  HIGHEST WIND SPEED    10   HIGHEST WIND DIRECTION     E (100)
  HIGHEST GUST SPEED    17   HIGHEST GUST DIRECTION    SE (140)
  AVERAGE WIND SPEED     4.4



WEATHER CONDITIONS
 THE FOLLOWING WEATHER WAS RECORDED YESTERDAY.
  FOG


..........................................................


THE VALPARAISO CLIMATE NORMALS FOR TODAY
                         NORMAL    RECORD    YEAR
 MAXIMUM TEMPERATURE (F)   73        88      2016
 MINIMUM TEMPERATURE (F)   51        36      2013


SUNRISE AND SUNSET
MAY 25 2018...........SUNRISE   521 AM CDT   SUNSET   810 PM CDT
MAY 26 2018...........SUNRISE   520 AM CDT   SUNSET   811 PM CDT


-  INDICATES NEGATIVE NUMBERS.
R  INDICATES RECORD WAS SET OR TIED.
MM INDICATES DATA IS MISSING.
T  INDICATES TRACE AMOUNT.




$$
