000
CDUS41 KBTV 230710
CLIVSF


CLIMATE REPORT
NATIONAL WEATHER SERVICE BURLINGTON VT
310 AM EDT WED MAY 23 2018


...................................

...THE SPRINGFIELD VT CLIMATE SUMMARY FOR MAY 22 2018...

CLIMATE NORMAL PERIOD 1981 TO 2010
CLIMATE RECORD PERIOD 9999 TO 9999


WEATHER ITEM   OBSERVED TIME   NORMAL DEPARTURE LAST
                VALUE   (LST)  VALUE  FROM      YEAR
                                      NORMAL
......................................................
TEMPERATURE (F)
 YESTERDAY
  MAXIMUM         61    959 AM  69     -8       52
  MINIMUM         48    422 AM  44      4       47
  AVERAGE         55            57     -2       50

PRECIPITATION (IN)
  YESTERDAY        0.14          0.13   0.01     0.26
  MONTH TO DATE    0.81          2.39  -1.58     3.98
  SINCE MAR 1      7.20          9.31  -2.11    11.09
  SINCE JAN 1     12.94         14.92  -1.98    14.64

DEGREE DAYS
 HEATING
  YESTERDAY       10             9      1       15
  MONTH TO DATE  156           250    -94      276
  SINCE MAR 1   1922          1911     11     1889
  SINCE JUL 1   7136          7356   -220     6766

 COOLING
  YESTERDAY        0             0      0        0
  MONTH TO DATE   10             0     10       14
  SINCE MAR 1     10             2      8       14
  SINCE JAN 1     10             2      8       14
......................................................


WIND (MPH)
  HIGHEST WIND SPEED    10   HIGHEST WIND DIRECTION     S (160)
  HIGHEST GUST SPEED    17   HIGHEST GUST DIRECTION     S (160)
  AVERAGE WIND SPEED     2.1


SKY COVER
  AVERAGE SKY COVER 0.6


WEATHER CONDITIONS
 THE FOLLOWING WEATHER WAS RECORDED YESTERDAY.
  LIGHT RAIN
  FOG


RELATIVE HUMIDITY (PERCENT)
 HIGHEST   100          1200 AM
 LOWEST     75           900 AM
 AVERAGE    88

..........................................................


THE SPRINGFIELD VT CLIMATE NORMALS FOR TODAY
                         NORMAL    RECORD    YEAR
 MAXIMUM TEMPERATURE (F)   69        82      2012
 MINIMUM TEMPERATURE (F)   45        31      2002


SUNRISE AND SUNSET
MAY 23 2018...........SUNRISE   518 AM EDT   SUNSET   816 PM EDT
MAY 24 2018...........SUNRISE   518 AM EDT   SUNSET   817 PM EDT


-  INDICATES NEGATIVE NUMBERS.
R  INDICATES RECORD WAS SET OR TIED.
MM INDICATES DATA IS MISSING.
T  INDICATES TRACE AMOUNT.




$$
