339
CDAK47 PAJK 201129
CLIYAK
CLIMATE REPORT
NATIONAL WEATHER SERVICE JUNEAU, AK
328 AM AKDT FRI APR 20 2018


...................................

...THE YAKUTAT CLIMATE SUMMARY FOR APRIL 19 2018...

CLIMATE NORMAL PERIOD 1981 TO 2010
CLIMATE RECORD PERIOD 1917 TO 2018


WEATHER ITEM   OBSERVED RECORD YEAR NORMAL DEPARTURE LAST
                VALUE   VALUE       VALUE  FROM      YEAR
                                           NORMAL
...........................................................
TEMPERATURE (F)
 YESTERDAY
  MAXIMUM         43     59    1994  47     -4       52
                               1978
  MINIMUM         38      7    1948  31      7       22
  AVERAGE         41                 39      2       37

PRECIPITATION (IN)
  YESTERDAY        0.81   2.89 1982   0.29   0.52     0.00
  MONTH TO DATE    1.58               5.99  -4.41     2.29
  SINCE JAN 1     20.35              41.55 -21.20    30.89

DEGREE DAYS
 HEATING
  YESTERDAY       24                 26     -2       28
  MONTH TO DATE  506                541    -35      467
...........................................................


WIND (MPH)
  HIGHEST WIND SPEED    22   HIGHEST WIND DIRECTION    SE (130)
  HIGHEST GUST SPEED    33   HIGHEST GUST DIRECTION    SE (130)
  AVERAGE WIND SPEED    11.5


SKY COVER
  AVERAGE SKY COVER 1.0


WEATHER CONDITIONS
 THE FOLLOWING WEATHER WAS RECORDED YESTERDAY.
  RAIN
  LIGHT RAIN
  FOG


..........................................................


THE YAKUTAT CLIMATE NORMALS FOR TODAY
                         NORMAL    RECORD    YEAR
 MAXIMUM TEMPERATURE (F)   47        58      1989
 MINIMUM TEMPERATURE (F)   31         5      1972


SUNRISE AND SUNSET
APRIL 20 2018.........SUNRISE   549 AM AKDT  SUNSET   848 PM AKDT
APRIL 21 2018.........SUNRISE   546 AM AKDT  SUNSET   850 PM AKDT


-  INDICATES NEGATIVE NUMBERS.
R  INDICATES RECORD WAS SET OR TIED.
MM INDICATES DATA IS MISSING.
T  INDICATES TRACE AMOUNT.




$$
--------------------------------------------------------------

AMOUNT OF DAYLIGHT TODAY (HOUR:MIN)......... 14 HOURS 59 MINUTES
GAIN/LOSS SINCE YESTERDAY (HOUR:MIN:SEC).... +0:05:15

$$
