000
CDUS41 KPBZ 200720
CLIZZV


CLIMATE REPORT
NATIONAL WEATHER SERVICE PITTSBURGH PA
320 AM EDT SUN MAY 20 2018


...................................

...THE ZANESVILLE OH CLIMATE SUMMARY FOR MAY 19 2018...

CLIMATE NORMAL PERIOD 1981 TO 2010
CLIMATE RECORD PERIOD 1895 TO 2018


WEATHER ITEM   OBSERVED TIME   RECORD YEAR NORMAL DEPARTURE LAST
                VALUE   (LST)  VALUE       VALUE  FROM      YEAR
                                                  NORMAL
..................................................................
TEMPERATURE (F)
 YESTERDAY
  MAXIMUM         79    253 PM  94    1939  73      6       83
  MINIMUM         63    609 AM  30    2002  50     13       59
  AVERAGE         71                        61     10       71

PRECIPITATION (IN)
  YESTERDAY        1.18          1.36 2005   0.13   1.05     0.72
  MONTH TO DATE    2.58                      2.49   0.09     2.79
  SINCE JUN 1     41.85                     36.16   5.69    34.94
  SINCE JAN 1     18.99                     13.76   5.23    16.32

DEGREE DAYS
 HEATING
  YESTERDAY        0                         5     -5        0
  MONTH TO DATE   17                       134   -117      131
  SINCE MAR 1   1410                      1300    110     1064
  SINCE JUL 1   5359                      5491   -132     4416

 COOLING
  YESTERDAY        6                         2      4        6
  MONTH TO DATE   79                        18     61       27
  SINCE MAR 1     89                        27     62       58
  SINCE JAN 1     94                        27     67       59
..................................................................


WIND (MPH)
  HIGHEST WIND SPEED    23   HIGHEST WIND DIRECTION     W (280)
  HIGHEST GUST SPEED    32   HIGHEST GUST DIRECTION     W (280)
  AVERAGE WIND SPEED     8.4


SKY COVER
  POSSIBLE SUNSHINE  MM
  AVERAGE SKY COVER 0.5


WEATHER CONDITIONS
 THE FOLLOWING WEATHER WAS RECORDED YESTERDAY.
  THUNDERSTORM
  HEAVY RAIN
  RAIN
  LIGHT RAIN
  FOG


RELATIVE HUMIDITY (PERCENT)
 HIGHEST    93           800 PM
 LOWEST     62           200 PM
 AVERAGE    78

..........................................................


THE ZANESVILLE OH CLIMATE NORMALS FOR TODAY
                         NORMAL    RECORD    YEAR
 MAXIMUM TEMPERATURE (F)   73        93      1934
 MINIMUM TEMPERATURE (F)   50        33      1961


SUNRISE AND SUNSET
MAY 20 2018...........SUNRISE   608 AM EDT   SUNSET   841 PM EDT
MAY 21 2018...........SUNRISE   607 AM EDT   SUNSET   841 PM EDT


-  INDICATES NEGATIVE NUMBERS.
R  INDICATES RECORD WAS SET OR TIED.
MM INDICATES DATA IS MISSING.
T  INDICATES TRACE AMOUNT.




$$
