000
CXUS51 KCTP 011359
CLMBFD

PHLCLMBFD 000
TTAA00 KCTP 011222


CLIMATE REPORT
NATIONAL WEATHER SERVICE STATE COLLEGE PA
822 AM EDT TUE MAY 1 2018

...................................

...THE BRADFORD CLIMATE SUMMARY FOR THE MONTH OF APRIL 2018...

CLIMATE NORMAL PERIOD 1981 TO 2010
CLIMATE RECORD PERIOD 1957 TO 2018

WEATHER         OBSERVED          NORMAL  DEPART  LAST YEAR`S
                 VALUE   DATE(S)  VALUE   FROM    VALUE  DATE(S)
                                          NORMAL
................................................................
TEMPERATURE (F)
RECORD
 HIGH              85   04/28/1990
                        04/27/1990
 LOW                6   04/07/1982
                        04/01/1964
HIGHEST            75   04/13                         81  04/30
LOWEST             12   04/08                         24  04/09
AVG. MAXIMUM     48.2              54.9    -6.7     62.2
AVG. MINIMUM     28.2              32.3    -4.1     39.5
MEAN             38.2              43.6    -5.4     50.8
DAYS MAX >= 90      0                MM      MM        0
DAYS MAX <= 32      6                MM      MM        0
DAYS MIN <= 32     23                MM      MM        9
DAYS MIN <= 0       0                MM      MM        0

PRECIPITATION (INCHES)
RECORD
 MAXIMUM         7.62   2011
 MINIMUM         0.59   2010
TOTALS           3.17              3.55   -0.38     4.81
DAILY AVG.       0.11              0.12   -0.01     0.16
DAYS >= .01        16                MM      MM       16
DAYS >= .10         7                MM      MM        9
DAYS >= .50         1                MM      MM        4
DAYS >= 1.00        1                MM      MM        1
GREATEST
 24 HR. TOTAL    1.19   04/16 TO 04/16

DEGREE_DAYS
HEATING TOTAL     794               644     150      418
 SINCE 7/1       7025              7251    -226     6068
COOLING TOTAL       0                 2      -2        1
 SINCE 1/1          0                 2      -2        1
.................................................................

WIND (MPH)
AVERAGE WIND SPEED              8.4
HIGHEST WIND SPEED/DIRECTION    33/290    DATE  04/04
HIGHEST GUST SPEED/DIRECTION    46/260    DATE  04/04

SKY COVER
POSSIBLE SUNSHINE (PERCENT)   MM
AVERAGE SKY COVER           0.60
NUMBER OF DAYS FAIR            6
NUMBER OF DAYS PC              9
NUMBER OF DAYS CLOUDY         15

AVERAGE RH (PERCENT)     68

WEATHER CONDITIONS. NUMBER OF DAYS WITH

THUNDERSTORM              0     MIXED PRECIP               0
HEAVY RAIN                2     RAIN                       3
LIGHT RAIN               14     FREEZING RAIN              0
LT FREEZING RAIN          3     HAIL                       0
HEAVY SNOW                2     SNOW                       6
LIGHT SNOW               12     SLEET                      0
FOG                      23     FOG W/VIS <= 1/4 MILE      7
HAZE                      8

-  INDICATES NEGATIVE NUMBERS.
R  INDICATES RECORD WAS SET OR TIED.
MM INDICATES DATA IS MISSING.
T  INDICATES TRACE AMOUNT.

&&

APRIL WAS A COLD MONTH ACROSS THE NORTHWESSTERN MOUNTAINS.
BRADFORD HAD 12 DAYS WITH LIGHT SNOW.

$$

MARTIN
