000
CXUS54 KAMA 011543
CLMBGD


CLIMATE REPORT
NATIONAL WEATHER SERVICE AMARILLO TX
1042 AM CDT SUN APR 1 2018

...................................

...THE BORGER CLIMATE SUMMARY FOR THE MONTH OF MARCH 2018...

CLIMATE NORMAL PERIOD 1981 TO 2010
CLIMATE RECORD PERIOD 1949 TO 2018

WEATHER         OBSERVED          NORMAL  DEPART  LAST YEAR`S
                 VALUE   DATE(S)  VALUE   FROM    VALUE  DATE(S)
                                          NORMAL
................................................................
TEMPERATURE (F)
HIGHEST            91   03/23                         94  03/19
LOWEST             24   03/07                         24  03/12
AVG. MAXIMUM     69.7              62.9     6.8     71.1
AVG. MINIMUM     39.7              36.3     3.4     41.3
MEAN             54.5              49.6     4.9     56.2
DAYS MAX >= 90      1               0.2     0.8        3
DAYS MAX <= 32      0               0.4    -0.4        0
DAYS MIN <= 32      6               9.6    -3.6        6
DAYS MIN <= 0       0               0.0     0.0        0

PRECIPITATION (INCHES)
TOTALS           0.04              1.41   -1.37     2.70
DAILY AVG.       0.00              0.05   -0.05     0.09
DAYS >= .01         1               6.0    -5.0        4
DAYS >= .10         0               3.1    -3.1        3
DAYS >= .50         0               1.1    -1.1        3
DAYS >= 1.00        0               0.2    -0.2        1
GREATEST
 24 HR. TOTAL    0.04   03/27 TO 03/27

SNOWFALL (INCHES)
TOTALS            0.0                MM      MM      0.0
SINCE 7/1         2.0                MM      MM      0.1
DAYS >= TRACE       0                MM      MM        0
DAYS >= 1.0         0                MM      MM        0
GREATEST
 SNOW DEPTH         0   MM
 24 HR TOTAL      0.0   03/31 TO 03/31

DEGREE_DAYS
HEATING TOTAL     311               484    -173      298
 SINCE 7/1       2972              3477    -505     2633
COOLING TOTAL      11                 7       4       33
 SINCE 1/1         11                 7       4       47
.................................................................

WIND (MPH)
AVERAGE WIND SPEED              11.4
HIGHEST WIND SPEED/DIRECTION    39/250    DATE  03/18
HIGHEST GUST SPEED/DIRECTION    52/250    DATE  03/18

SKY COVER
POSSIBLE SUNSHINE (PERCENT)   MM
NUMBER OF DAYS FAIR           23
NUMBER OF DAYS PC              6
NUMBER OF DAYS CLOUDY          1

AVERAGE RH (PERCENT)     40

WEATHER CONDITIONS. NUMBER OF DAYS WITH
THUNDERSTORM              0     MIXED PRECIP               0
HEAVY RAIN                0     RAIN                       0
LIGHT RAIN                2     FREEZING RAIN              0
LT FREEZING RAIN          0     HEAVY SNOW                 0
SNOW                      0     LIGHT SNOW                 0
SLEET                     0     FOG                        2
FOG W/VIS <= 1/4 MILE     0     HAZE                       1

-  INDICATES NEGATIVE NUMBERS.
R  INDICATES RECORD WAS SET OR TIED.
MM INDICATES DATA IS MISSING.
T  INDICATES TRACE AMOUNT.

$$
