000
CXUS54 KAMA 011543
CLMDHT


CLIMATE REPORT
NATIONAL WEATHER SERVICE AMARILLO TX
1042 AM CDT SUN APR 1 2018

...................................

...THE DALHART CLIMATE SUMMARY FOR THE MONTH OF MARCH 2018...

CLIMATE NORMAL PERIOD 1981 TO 2010
CLIMATE RECORD PERIOD 1948 TO 2018

WEATHER         OBSERVED          NORMAL  DEPART  LAST YEAR`S
                 VALUE   DATE(S)  VALUE   FROM    VALUE  DATE(S)
                                          NORMAL
................................................................
TEMPERATURE (F)
RECORD
 HIGH              92   03/19/2017
 LOW                0   03/03/1960
HIGHEST            87   03/23                         92  03/19
LOWEST             17   03/06                         16  03/01
AVG. MAXIMUM     66.9              61.2     5.7     70.0
AVG. MINIMUM     30.8              29.4     1.4     33.2
MEAN             48.9              45.3     3.6     51.6
DAYS MAX >= 90      0               0.0     0.0        1
DAYS MAX <= 32      0               0.6    -0.6        0
DAYS MIN <= 32     20              19.1     0.9       13
DAYS MIN <= 0       0               0.0     0.0        0

PRECIPITATION (INCHES)
TOTALS              TR             1.17   -1.17     1.42
DAILY AVG.          T              0.04   -0.04     0.05
DAYS >= .01         0               4.9    -4.9        5
DAYS >= .10         0               2.5    -2.5        4
DAYS >= .50         0               0.6    -0.6        1
DAYS >= 1.00        0               0.3    -0.3        0
GREATEST
 24 HR. TOTAL       T   03/29 TO 03/29
                        03/27 TO 03/27

SNOWFALL (INCHES)
TOTALS            0.0               4.2    -4.2      0.0
SINCE 7/1         2.3              17.7   -15.4      1.3
DAYS >= TRACE       0               2.4    -2.4
DAYS >= 1.0         0               1.4    -1.4        0
GREATEST
 SNOW DEPTH         0   MM
 24 HR TOTAL      0.0   03/31 TO 03/31

DEGREE_DAYS
HEATING TOTAL     493               611    -118      415
 SINCE 7/1       3680              4254    -574     3232
COOLING TOTAL       0                 0       0        6
 SINCE 1/1          0                 0       0        6
.................................................................

WIND (MPH)
AVERAGE WIND SPEED              13.5
HIGHEST WIND SPEED/DIRECTION    44/260    DATE  03/18
HIGHEST GUST SPEED/DIRECTION    56/270    DATE  03/18

SKY COVER
POSSIBLE SUNSHINE (PERCENT)   MM
NUMBER OF DAYS FAIR           28
NUMBER OF DAYS PC              2
NUMBER OF DAYS CLOUDY          1

AVERAGE RH (PERCENT)     43

WEATHER CONDITIONS. NUMBER OF DAYS WITH
THUNDERSTORM              0     MIXED PRECIP               0
HEAVY RAIN                0     RAIN                       0
LIGHT RAIN                2     FREEZING RAIN              0
LT FREEZING RAIN          0     HEAVY SNOW                 0
SNOW                      0     LIGHT SNOW                 0
SLEET                     0     FOG                        3
FOG W/VIS <= 1/4 MILE     0     HAZE                       8

-  INDICATES NEGATIVE NUMBERS.
R  INDICATES RECORD WAS SET OR TIED.
MM INDICATES DATA IS MISSING.
T  INDICATES TRACE AMOUNT.

$$
