494
CXUS53 KDLH 180032
CLMDLH

CLIMATE REPORT
NATIONAL WEATHER SERVICE DULUTH MN
741 AM CDT WED APR 4 2018

...................................

...THE DULUTH CLIMATE SUMMARY FOR THE MONTH OF MARCH 2018...

CLIMATE NORMAL PERIOD 1981 TO 2010
CLIMATE RECORD PERIOD 1870 TO 2018

WEATHER         OBSERVED          NORMAL  DEPART  LAST YEAR`S
                 VALUE   DATE(S)  VALUE   FROM    VALUE  DATE(S)
                                          NORMAL
................................................................
TEMPERATURE (F)
RECORD
 HIGH              81   03/28/1946
 LOW              -29   03/02/1989
HIGHEST            48   03/17        MM      MM       59  03/28
LOWEST              4   03/10        MM      MM       -9  03/03
                        03/09
AVG. MAXIMUM     34.9              34.4     0.5     35.5
AVG. MINIMUM     17.2              17.5    -0.3     17.1
MEAN             26.1              25.9     0.2     26.3
DAYS MAX >= 90      0               0.0     0.0        0
DAYS MAX <= 32      9              12.3    -3.3       10
DAYS MIN <= 32     31              28.0     3.0       28
DAYS MIN <= 0       0               3.1    -3.1        4

PRECIPITATION (INCHES)
RECORD
 MAXIMUM         5.12   1965
 MINIMUM         0.22   1959
TOTALS           0.44              1.49   -1.05     1.05
DAILY AVG.       0.01              0.05   -0.04     0.03
DAYS >= .01         6               9.7    -3.7        8
DAYS >= .10         2               4.3    -2.3        4
DAYS >= .50         0               0.5    -0.5        0
DAYS >= 1.00        0               0.1    -0.1        0
GREATEST
 24 HR. TOTAL    0.21   03/30 TO 03/31

SNOWFALL (INCHES)
RECORDS
 TOTAL           48.2   1917
TOTALS            5.1              13.2    -8.1      5.3
SINCE 7/1        73.4              78.8    -5.4     64.3
SNOWDEPTH AVG.     13                12       1        4
DAYS >= 1.0         2               3.6    -1.6        3
GREATEST
 SNOW DEPTH        17   03/03                         10  03/01
                        03/02
                        03/01
 24 HR TOTAL      2.4   03/26 TO 03/27

DEGREE_DAYS
HEATING TOTAL    1197              1210     -13     1193
 SINCE 7/1       8218              8077     141     6883
COOLING TOTAL       0                 0       0        0
 SINCE 1/1          0                 0       0        0
.................................................................

WIND (MPH)
AVERAGE WIND SPEED              10.3
HIGHEST WIND SPEED/DIRECTION    40/070    DATE  03/05
HIGHEST GUST SPEED/DIRECTION    51/070    DATE  03/05

SKY COVER
POSSIBLE SUNSHINE (PERCENT)   MM
AVERAGE SKY COVER           0.40
NUMBER OF DAYS FAIR           15
NUMBER OF DAYS PC              9
NUMBER OF DAYS CLOUDY          7

AVERAGE RH (PERCENT)     64

WEATHER CONDITIONS. NUMBER OF DAYS WITH
THUNDERSTORM              0     MIXED PRECIP               0
HEAVY RAIN                0     RAIN                       0
LIGHT RAIN                0     FREEZING RAIN              0
LT FREEZING RAIN          1     HAIL                       0
HEAVY SNOW                0     SNOW                       2
LIGHT SNOW               11     SLEET                      0
FOG                       8     FOG W/VIS <= 1/4 MILE      2
HAZE                      2

-  INDICATES NEGATIVE NUMBERS.
R  INDICATES RECORD WAS SET OR TIED.
MM INDICATES DATA IS MISSING.
T  INDICATES TRACE AMOUNT.

$$

.MARCH 2018 WAS NEAR NORMAL FOR TEMPERATURES WITH BELOW NORMAL
PRECIPITATION AT DULUTH MN...

THE AVERAGE TEMPERATURE FOR MARCH WAS 26.1 DEGREES WHICH WAS 0.2
DEGREES ABOVE THE NORMAL OF 25.9 DEGREES. THE HIGHEST TEMPERATURE
FOR THE MONTH WAS 48 DEGREES ON THE 17TH. THE LOWEST TEMPERATURE WAS
4 DEGREES ON THE 9TH AND 10TH. NO DAILY TEMPERATURE RECORDS WERE
BROKEN FOR THE MONTH. EIGHTEEN DAYS HAD AVERAGE TEMPERATURES BELOW
NORMAL.

MARCH 2018 WAS BELOW NORMAL FOR PRECIPITATION WITH A TOTAL OF 0.44
INCHES OF PRECIPITATION RECORDED FOR THE MONTH. THIS WAS 1.05 INCHES
BELOW THE NORMAL OF 1.49 INCHES...MAKING THIS TIED FOR THE 10TH
DRIEST MARCH IN STATION HISTORY. THE GREATEST AMOUNT OF
PRECIPITATION IN A 24 HOUR PERIOD OCCURRED ON THE 30TH TO THE 31ST
WHEN 0.21 INCHES WAS RECORDED. AT LEAST A TRACE OF PRECIPITATION WAS
RECORDED ON 13 DAYS. AT LEAST 0.01 INCHES OF PRECIPITATION FELL ON 6
DAYS. AT LEAST 0.10 INCHES FELL ON 2 DAYS. NO DAILY PRECIPITATION
RECORDS WERE BROKEN IN MARCH.

MARCH 2018 WAS BELOW NORMAL FOR SNOWFALL WITH A TOTAL OF 5.1 INCHES
OF SNOW FOR THE MONTH. THIS WAS 8.1 INCHES BELOW THE NORMAL OF 13.2
INCHES. THE GREATEST AMOUNT OF SNOWFALL IN A 24 HOUR PERIOD OCCURRED
ON THE 26TH TO THE 27TH WHERE 2.4 INCHES OF SNOW WAS RECORDED. NO
DAILY SNOWFALL RECORDS WERE BROKEN FOR THE MONTH.

THE AVERAGE WIND SPEED FOR THE MONTH WAS 10.3 MPH. THE WINDIEST DAY
OF THE MONTH WAS ON THE 5TH WITH AN AVERAGE WIND OF 25.9 MPH. THE
HIGHEST SUSTAINED WIND OCCURRED ON THE 5TH WITH A WIND FROM THE EAST
NORTHEAST AT 40 MPH. A PEAK WIND GUST OF 51 MPH WAS RECORDED ON THE
5TH OUT OF THE EAST NORTHEAST.

THERE WERE 1197 HEATING DEGREE DAYS FOR THE MONTH WHICH WAS 13 BELOW
THE NORMAL OF 1210. THIS BROUGHT THE SEASONAL TOTAL TO 8218 WHICH
WAS 141 ABOVE THE NORMAL OF 8077. THERE WERE 0 COOLING DEGREE DAYS
FOR THE MONTH WHICH WAS NORMAL. THE SEASONAL TOTAL COOLING DEGREE
DAYS STANDS AT 0 WHICH WAS NORMAL.

THE OUTLOOK FOR APRIL...NORMAL HIGHS START IN THE LOWER 40S AND WARM
TO THE MID TO UPPER 50S AT THE END OF THE MONTH. NORMAL LOWS FOR THE
MONTH START IN THE MID 20S AND WARM TO THE MID 30S AT THE END OF
THE MONTH. NORMAL PRECIPITATION FOR APRIL IS 2.43 INCHES. NORMAL
SNOWFALL FOR APRIL IS 6.9 INCHES. THE LATEST CLIMATE PREDICTION
CENTER OUTLOOK INDICATES THAT ODDS ARE TILTED TOWARDS BELOW NORMAL
TEMPERATURES AND THERE IS NO CLEAR SIGNAL FOR ABOVE OR BELOW NORMAL
PRECIPITATION.

$$

WL
