000
CXUS53 KIND 011538
CLMEYE


CLIMATE REPORT
NATIONAL WEATHER SERVICE INDIANAPOLIS IN
1138 AM EDT TUE MAY 1 2018

...................................

...THE INDIANAPOLIS EAGLE CREEK IN CLIMATE SUMMARY FOR THE MONTH OF APRIL 2018...

CLIMATE NORMAL PERIOD 1981 TO 2010
CLIMATE RECORD PERIOD 9999 TO 9999

WEATHER         OBSERVED          NORMAL  DEPART  LAST YEAR`S
                 VALUE   DATE(S)  VALUE   FROM    VALUE  DATE(S)
                                          NORMAL
................................................................
TEMPERATURE (F)
HIGHEST            78   04/13                         84  04/26
                        04/12
LOWEST             23   04/08                         33  04/08
AVG. MAXIMUM     57.2              62.7    -5.5     69.6
AVG. MINIMUM     37.0              43.6    -6.6     48.9
MEAN             47.1              53.1    -6.0     59.3
DAYS MAX >= 90      0               0.0     0.0        0
DAYS MAX <= 32      0               0.1    -0.1        0
DAYS MIN <= 32     13               2.5    10.5        0
DAYS MIN <= 0       0               0.0     0.0        0

PRECIPITATION (INCHES)
TOTALS           3.92              3.90    0.02     5.09
DAILY AVG.       0.13              0.13    0.00     0.17
DAYS >= .01        10                MM      MM       11
DAYS >= .10         5                MM      MM        8
DAYS >= .50         2                MM      MM        4
DAYS >= 1.00        1                MM      MM        2
GREATEST
 24 HR. TOTAL    2.31   04/03 TO 04/03

DEGREE_DAYS
HEATING TOTAL     535               370     165      196
 SINCE 7/1       5216              5195      21     4104
COOLING TOTAL       7                14      -7       31
 SINCE 1/1         13                15      -2       33
.................................................................

WIND (MPH)
AVERAGE WIND SPEED              8.6
HIGHEST WIND SPEED/DIRECTION    31/300    DATE  04/18
HIGHEST GUST SPEED/DIRECTION    44/200    DATE  04/13

SKY COVER
POSSIBLE SUNSHINE (PERCENT)   MM
AVERAGE SKY COVER           0.50
NUMBER OF DAYS FAIR           12
NUMBER OF DAYS PC             10
NUMBER OF DAYS CLOUDY          8

AVERAGE RH (PERCENT)     60

WEATHER CONDITIONS. NUMBER OF DAYS WITH
THUNDERSTORM              2     MIXED PRECIP              0
HEAVY RAIN                3     RAIN                      4
LIGHT RAIN                8     FREEZING RAIN             0
LT FREEZING RAIN          0     HAIL                      0
HEAVY SNOW                0     SNOW                      2
LIGHT SNOW                8     SLEET                     0
FOG                      13     FOG W/VIS <= 1/4 MILE     0
HAZE                      4

-  INDICATES NEGATIVE NUMBERS.
R  INDICATES RECORD WAS SET OR TIED.
MM INDICATES DATA IS MISSING.
T  INDICATES TRACE AMOUNT.

$$
