000
CXUS55 KMSO 020412
CLMGPI
CLIMATE REPORT
NATIONAL WEATHER SERVICE MISSOULA MT
912 PM MST FRI MAR 01 2024
...................................
...THE KALISPELL MT CLIMATE SUMMARY FOR THE MONTH OF FEBRUARY 2024...
CLIMATE NORMAL PERIOD 1991 TO 2020
CLIMATE RECORD PERIOD 1894 TO 2024
WEATHER OBSERVED NORMAL DEPART LAST YEAR`S
VALUE DATE(S) VALUE FROM VALUE
NORMAL
..............................................................
TEMPERATURE (F)
RECORD
HIGH 64 02/24/1995
LOW -36 02/01/1950
HIGHEST 49 02/29 MM MM 42
LOWEST -2 02/17 MM MM -6
AVG. MAXIMUM 36.1 35.5 0.6 32.9
AVG. MINIMUM 22.1 18.1 4.0 14.0
MEAN 29.1 26.8 2.3
DAYS MAX >= 90 0 0.0 0.0 0
DAYS MAX <= 32 6 8.0 -2.0 8
DAYS MIN <= 32 26 26.5 -0.5 26
DAYS MIN <= 0 1 2.4 -1.4 3
PRECIPITATION (INCHES)
RECORD
MAXIMUM 3.16 1904
MINIMUM 0.03 2005
TOTALS 1.31 0.96 0.35
DAILY AVG. 0.05 NAN NAN 0.02
DAYS >= .01 17 11.4 5.6 7
DAYS >= .10 4 3.5 0.5 3
DAYS >= .50 0 0.1 -0.1 0
DAYS >= 1.00 0 0.0 0.0 0
GREATEST
24 HR. TOTAL 0.34 02/02 TO 02/03 0.22
02/03 TO 02/03
SNOWFALL (INCHES)
TOTALS 8.3 8.4 -0.1 7.4
SINCE 7/1 37.6 47.3 -9.7 MM
DAYS >= TRACE 15 8.0 7.0 11
DAYS >= 1.0 3 3.5 -0.5 3
GREATEST
SNOW DEPTH 7 02/19
02/20
02/21
24 HR TOTAL MM MM
DEGREE DAYS
HEATING TOTAL 1035 1070 -35
SINCE 7/1 5470 5917 -447
COOLING TOTAL 0 0 0
SINCE 1/1 0 0 0
..............................................................
WIND (MPH)
AVERAGE WIND SPEED 6.0
HIGHEST WIND SPEED/DIRECTION 37/280 DATE 02/29
HIGHEST GUST SPEED/DIRECTION 49/270 DATE 02/29
SKY COVER
POSSIBLE SUNSHINE (PERCENT) MM
AVERAGE SKY COVER 0.76
NUMBER OF DAYS FAIR 3
NUMBER OF DAYS PC 6
NUMBER OF DAYS CLOUDY 20
AVERAGE RH (PERCENT) 81
WEATHER CONDITIONS. NUMBER OF DAYS WITH
THUNDERSTORM 0 MIXED PRECIP 0
HEAVY RAIN 0 RAIN 1
LIGHT RAIN 6 FREEZING RAIN 0
LT FREEZING RAIN 0 HAIL 0
HEAVY SNOW 2 SNOW 4
LIGHT SNOW 15 SLEET 0
FOG 22 FOG W/VIS <= 1/4 MILE 10
HAZE 7
- INDICATES NEGATIVE NUMBERS.
R INDICATES RECORD WAS SET OR TIED.
MM INDICATES DATA IS MISSING.
T INDICATES TRACE AMOUNT.
$$