000
CXUS53 KILX 011805
CLMILX
CLIMATE REPORT
NATIONAL WEATHER SERVICE LINCOLN IL
105 PM CDT MON APR 01 2024
...................................
...THE LINCOLN IL CLIMATE SUMMARY FOR THE MONTH OF MARCH 2024...
CLIMATE NORMAL PERIOD 1991 TO 2020
CLIMATE RECORD PERIOD 1905 TO 2024
WEATHER OBSERVED NORMAL DEPART LAST YEAR`S
VALUE DATE(S) VALUE FROM VALUE
NORMAL
..............................................................
TEMPERATURE (F)
RECORD
HIGH 86 03/30/1986
03/29/1985
LOW -14 03/10/1934
HIGHEST 75 03/03 MM MM 74
03/04
LOWEST 24 03/18 MM MM 13
03/28
AVG. MAXIMUM 58.7 51.7 7.0 51.0
AVG. MINIMUM 34.1 31.1 3.0 31.6
MEAN 46.4 41.4 5.0 41.3
DAYS MAX >= 90 0 0.0 0.0 0
DAYS MAX <= 32 0 1.9 -1.9 1
DAYS MIN <= 32 15 19.3 -4.3 18
DAYS MIN <= 0 0 0.2 -0.2 0
PRECIPITATION (INCHES)
RECORD
MAXIMUM 7.14 1973
MINIMUM 0.13 1961
TOTALS 2.27 2.70 -0.43 3.25
DAILY AVG. 0.07 0.09 -0.02 0.10
DAYS >= .01 9 10.5 -1.5 15
DAYS >= .10 6 6.3 -0.3 8
DAYS >= .50 1 1.8 -0.8 1
DAYS >= 1.00 0 0.4 -0.4 1
GREATEST
24 HR. TOTAL 0.64 03/08 TO 03/08 1.10
SNOWFALL (INCHES)
RECORDS
TOTAL 21.0 1934
TOTALS T 1.8 -1.8 1.1
SINCE 7/1 12.4 19.3 -6.9 MM
DAYS >= 1.0 0 0.8 -0.8 0
GREATEST
SNOW DEPTH 0 MM
24 HR TOTAL MM MM
DEGREE DAYS
HEATING TOTAL 567 734 -167 726
SINCE 7/1 4351 5093 -742 MM
COOLING TOTAL 0 2 -2 0
SINCE 1/1 0 2 -2 MM
..............................................................
WIND (MPH)
AVERAGE WIND SPEED MM
HIGHEST WIND SPEED/DIRECTION MM DATE MM
HIGHEST GUST SPEED/DIRECTION MM DATE MM
AVERAGE RH (PERCENT) MM
WEATHER CONDITIONS. NUMBER OF DAYS WITH
THUNDERSTORM 4 MIXED PRECIP 0
HEAVY RAIN 4 RAIN 5
LIGHT RAIN 12 FREEZING RAIN 0
LT FREEZING RAIN 0 HAIL 1
HEAVY SNOW 0 SNOW 0
LIGHT SNOW 2 SLEET 2
FOG 6 FOG W/VIS <= 1/4 MILE 0
HAZE 1
- INDICATES NEGATIVE NUMBERS.
R INDICATES RECORD WAS SET OR TIED.
MM INDICATES DATA IS MISSING.
T INDICATES TRACE AMOUNT.
$$