638
CXUS53 KMPX 011811 CCA
CLMMPX

CLIMATE REPORT
NATIONAL WEATHER SERVICE CHANHASSEN MN
150 AM CDT TUE MAY 1 2018

...................................

...THE CHANHASSEN MN CLIMATE SUMMARY FOR THE MONTH OF APRIL 2018...

CLIMATE NORMAL PERIOD 1981 TO 2010
CLIMATE RECORD PERIOD 1995 TO 2018

WEATHER         OBSERVED          NORMAL  DEPART  LAST YEAR`S
                 VALUE   DATE(S)  VALUE   FROM    VALUE  DATE(S)
                                          NORMAL
................................................................
TEMPERATURE (F)
RECORD
 HIGH              MM   MM
 LOW               MM   MM
HIGHEST            83   04/30        MM      MM       74  04/08
LOWEST              6   04/05        MM      MM       25  04/07
                        04/04
AVG. MAXIMUM     45.3              57.1   -11.8     57.3
AVG. MINIMUM     24.2              35.9   -11.7     38.9
MEAN             34.8              46.5   -11.7     48.1
DAYS MAX >= 90      0                                  0
DAYS MAX <= 32      9                                  0
DAYS MIN <= 32     24                                  5
DAYS MIN <= 0       0                                  0

PRECIPITATION (INCHES)
RECORD
 MAXIMUM           MM   MM
 MINIMUM           MM   MM
TOTALS           2.59              3.00   -0.41     4.96
DAILY AVG.       0.09                               0.17
DAYS >= .01         9                                 15
DAYS >= .10         6                                  9
DAYS >= .50         2                                  4
DAYS >= 1.00        1                                  1
GREATEST
 24 HR. TOTAL    1.00   04/14 TO 04/14              1.30

SNOWFALL (INCHES)
RECORDS
 TOTAL             MM   MM
TOTALS           28.1               3.4    24.7      0.6
SINCE 7/1        80.2              53.9    26.3     38.5
SNOWDEPTH AVG.      3                                  0
DAYS >= 1.0         6                                  0
GREATEST
 SNOW DEPTH        10   04/16                          1  04/11
                        04/15
 24 HR TOTAL     10.9   04/14 TO 04/14

DEGREE_DAYS
HEATING TOTAL     904               558     346      500
 SINCE 7/1       8089              7619     470     6583
COOLING TOTAL       2                 3      -1        0
 SINCE 1/1          2                 3      -1        0
.................................................................

WIND (MPH)
AVERAGE WIND SPEED              MM
RESULTANT WIND SPEED/DIRECTION  MM
HIGHEST WIND SPEED/DIRECTION    MM        DATE   MM
HIGHEST GUST SPEED/DIRECTION    MM        DATE   MM

SKY COVER
POSSIBLE SUNSHINE (PERCENT)   MM
AVERAGE SKY COVER             MM
NUMBER OF DAYS FAIR           MM
NUMBER OF DAYS PC             MM
NUMBER OF DAYS CLOUDY         MM

AVERAGE RH (PERCENT)     MM

WEATHER CONDITIONS. NUMBER OF DAYS WITH
THUNDERSTORM              M     MIXED PRECIP               M
HEAVY RAIN                M     RAIN                       M
LIGHT RAIN                M     FREEZING RAIN              M
LT FREEZING RAIN          M     HAIL                       M
HEAVY SNOW                M     SNOW                       M
LIGHT SNOW                M     SLEET                      M
FOG                       M     FOG W/VIS <= 1/4 MILE      M
HAZE                      M

-  INDICATES NEGATIVE NUMBERS.
R  INDICATES RECORD WAS SET OR TIED.
MM INDICATES DATA IS MISSING.
T  INDICATES TRACE AMOUNT.

$$
