000
CXUS51 KRLX 011430
CLMPKB


CLIMATE REPORT
NATIONAL WEATHER SERVICE CHARLESTON WV
1030 AM EDT TUE MAY 1 2018

...................................

...THE PARKERSBURG WV CLIMATE SUMMARY FOR THE MONTH OF APRIL 2018...

CLIMATE NORMAL PERIOD 1981 TO 2010
CLIMATE RECORD PERIOD 1889 TO 2018

WEATHER         OBSERVED          NORMAL  DEPART  LAST YEAR`S
                 VALUE   DATE(S)  VALUE   FROM    VALUE  DATE(S)
                                          NORMAL
................................................................
TEMPERATURE (F)
RECORD
 HIGH              91   MM
 LOW               21   04/10/2016
HIGHEST            86   04/13                         88
LOWEST             24   04/08                         29
AVG. MAXIMUM     60.5              66.1    -5.6     72.0
AVG. MINIMUM     37.4              42.1    -4.7     48.0
MEAN             49.0              54.1    -5.1     60.0
DAYS MAX >= 90      0               0.0     0.0        0
DAYS MAX <= 32      0               0.0     0.0        0
DAYS MIN <= 32     13               4.6     8.4        4
DAYS MIN <= 0       0               0.0     0.0        0

PRECIPITATION (INCHES)
RECORD
 MAXIMUM         8.14   2011
 MINIMUM         0.77   1900
TOTALS           5.08              3.27    1.81     4.90
DAILY AVG.       0.17              0.11    0.06     0.16
DAYS >= .01        15              13.1     1.9       15
DAYS >= .10         9               7.6     1.4        9
DAYS >= .50         3               2.0     1.0
DAYS >= 1.00        3               0.4     2.6        0
GREATEST
 24 HR. TOTAL    1.44   04/03 TO 04/03           03/31 TO 04/01
                                                          04/01 TO 04/01
                                                          04/01 TO 04/01
 STORM TOTAL       MM                                 MM
 (MM/DD(HH))            MM                    04/01(00) TO 04/01(00)
                                                 04/01(00) TO 04/01(00)1
                                                 04/01(00) TO 04/01(00)1

SNOWFALL (INCHES)
TOTALS             MM

DEGREE_DAYS
HEATING TOTAL     494               345     149      183
 SINCE 7/1       4927              4806     121     3850
COOLING TOTAL      20                18       2       37
 SINCE 1/1         26                21       5       43
..................................................

WIND (MPH)
AVERAGE WIND SPEED              6.6
HIGHEST WIND SPEED/DIRECTION    29/230    DATE  04/12
HIGHEST GUST SPEED/DIRECTION    46/230    DATE  04/12

SKY COVER
POSSIBLE SUNSHINE (PERCENT)   MM
AVERAGE SKY COVER           0.50
NUMBER OF DAYS FAIR           11
NUMBER OF DAYS PC              8
NUMBER OF DAYS CLOUDY         11

AVERAGE RH (PERCENT)     62

WEATHER CONDITIONS. NUMBER OF DAYS WITH
THUNDERSTORM              0     MIXED PRECIP               0
HEAVY RAIN                1     RAIN                       7
LIGHT RAIN               13     FREEZING RAIN              0
LT FREEZING RAIN          0     HAIL                       0
HEAVY SNOW                0     SNOW                       1
LIGHT SNOW                7     SLEET                      0
FOG                      15     FOG W/VIS <= 1/4 MILE      1
HAZE                      7

-  INDICATES NEGATIVE NUMBERS.
R  INDICATES RECORD WAS SET OR TIED.
MM INDICATES DATA IS MISSING.
T  INDICATES TRACE AMOUNT.

$$
