000
CXUS56 KPDT 011414
CLMPSC

CLIMATE REPORT
NATIONAL WEATHER SERVICE PENDLETON OREGON
710 AM PDT TUE MAY 01 2018

....................................

...THE PASCO WA CLIMATE SUMMARY FOR THE MONTH OF APRIL 2018...

CLIMATE NORMAL PERIOD 1981 TO 2010
CLIMATE RECORD PERIOD 1942 TO 2018

WEATHER         OBSERVED          NORMAL  DEPART  LAST YEAR`S
                 VALUE   DATE(S)  VALUE   FROM    VALUE  DATE(S)
                                          NORMAL

................................................................

TEMPERATURE (F)
RECORD
 HIGH              94   4/30/1998
 LOW               21   4/ 1/2008
HIGHEST            88   4/27       36        52            72   4/22
LOWEST             28   4/ 3       10        18            27   4/11
AVG. MAXIMUM     66.7            67.4      -0.7          65.3
AVG. MINUMUM     40.4            38.5       1.9          39.5
MEAN             53.5            53.0       0.5          52.4
DAYS MAX >= 90      0               0         0             0
DAYS MAX <= 32      0              17       -17             0
DAYS MIN <= 32      5              20       -15             6
DAYS MIN <= 0       0              17       -17             6


PRECIPITATION (INCHES)
RECORD
 MAXIMUM          1.35   2018
 MINIMUM          0.15   1946
TOTALS            1.35            0.65      0.70          1.19
DAILY AVG.        0.05            0.02      0.03          0.04
DAYS >=  0.01        9               2         7             8
DAYS >=  0.10        6               1         5             4
DAYS >=  0.50        0               0         0             0
DAYS >=  1.00        0               0         0             0
GREATEST
 24 HR. TOTAL     0.37   4/ 7



SNOWFALL (INCHES)
RECORD
 MAXIMUM           0.0   1945
 MINIMUM           0.0   2017
TOTALS             0.0             0.0       0.0           0.0
SINCE 7/1          4.0             0.0       4.0          27.2
DAYS >=  TRACE                       0         0
DAYS >=  1.0         0               0         0             0
GREATEST
 24 HR. TOTAL      0.0   4/30


DEGREE DAYS
HEATING TOTAL      337             363       -26           372
 SINCE 7/1        4674            4818      -144          5227
COOLING TOTAL        1               0         1             0
 SINCE 1/1           1               0         1             0

.............................................................

WIND (MPH)
AVERAGE WIND SPEED                     9.2
RESULTANT WIND SPEED/DIRECTION         7/227
HIGHEST WIND SPEED/DIRECTION          40/240      DATE          04/27
HIGHEST GUST SPEED/DIRECTION          53/230      DATE          04/27


WEATHER CONDITIONS. NUMBER OF DAYS WITH
THUNDERSTORM               0    MIXED PRECIP                           0
HEAVY RAIN                 3    RAIN                                   3
LIGHT RAIN                13    FREEZING RAIN                          0
LT FREEZING RAIN           0    HAIL                                   0
HEAVY SNOW                 0    SNOW                                   0
LIGHT SNOW                 0    SLEET                                  0
FOG                        7    FOG W/VIS <=1/4 MILE                   0
HAZE                       1

-  INDICATES NEGATIVE NUMBERS.
R  INDICATES RECORD WAS SET OR TIED.
MM INDICATES DATA IS MISSING.
T  INDICATES TRACE AMOUNT.

$$
