000
CXUS55 KREV 011652
CLMRNO

CLIMATE REPORT
NATIONAL WEATHER SERVICE RENO NV
940 AM PDT TUE MAY 1 2018

...................................

...THE RENO-TAHOE INTL AIRPORT NV CLIMATE SUMMARY FOR THE MONTH OF APRIL 2018...

THE AVERAGE TEMPERATURE FOR APRIL 2018 AT THE RENO-TAHOE INTERNATIONAL AIRPORT
WAS 53.3 DEGREES WHICH WAS 2.3 DEGREES ABOVE NORMAL. THE HIGHEST TEMPERATURE
RECORDED FOR APRIL WAS 84 DEGREES WHICH OCCURRED ON THE 26TH. THE LOWEST
TEMPERATURE RECORDED FOR THE MONTH WAS 29 DEGREES WHICH OCCURRED ON THE 13TH.

FOR APRIL 2018, 0.54 INCHES OF PRECIPITATION WAS RECORDED AT THE RENO-TAHOE
INTERNATIONAL AIRPORT. THIS WAS 0.07 INCHES ABOVE NORMAL.

THE AVERAGE WIND SPEED FOR THE MONTH WAS 7.8 MPH. THE PEAK WIND GUST
FOR THE MONTH WAS 56 MPH FROM THE SOUTH WHICH OCCURED ON THE 10TH.

CLIMATE NORMAL PERIOD 1981 TO 2010
CLIMATE RECORD PERIOD 1888 TO 2018

WEATHER         OBSERVED          NORMAL  DEPART
                 VALUE   DATE(S)  VALUE   FROM
                                          NORMAL
................................................
TEMPERATURE (F)
RECORD
 HIGH              90   04/22/2012
 LOW               13   04/03/1956
                        04/07/1953
                        04/13/1945
HIGHEST            84   04/26        89      -5
LOWEST             29   04/13        13      16
AVG. MAXIMUM     66.7              63.9     2.8
AVG. MINIMUM     39.8              37.8     2.0
MEAN             53.2              50.9     2.3
DAYS MAX >= 90      0               0.0     0.0
DAYS MAX <= 32      0               0.0     0.0
DAYS MIN <= 32      3               5.7    -2.7
DAYS MIN <= 0       0               0.0     0.0

PRECIPITATION (INCHES)
RECORD
 MAXIMUM         3.00   1880
 MINIMUM         0.00   1886
TOTALS           0.54              0.47    0.07
DAILY AVG.       0.02              0.02    0.00
DAYS >= .01         6               4.2     1.8
DAYS >= .10         2               1.6     0.4
DAYS >= .50         0               0.1    -0.1
DAYS >= 1.00        0               0.0     0.0
GREATEST
 24 HR. TOTAL    0.26   04/06 TO 04/06
 STORM TOTAL       MM
 (MM/DD(HH))            MM

SNOWFALL (INCHES)
RECORDS
 TOTAL           12.7   5
                        0
 24 HR TOTAL       MM
TOTALS            0.2               0.5    -0.3
 LIQUID EQUIV    0.02              0.10   -0.08
SINCE 7/1        24.9              21.5     3.4
 LIQUID 7/1      2.49
DAYS >= TRACE       5               1.0     4.0
DAYS >= 1.0         0               0.1    -0.1
GREATEST
 SNOW DEPTH         0   MM
 24 HR TOTAL      0.2   04/19 TO 04/19
 STORM TOTAL       MM
 (MM/DD(HH))            MM

DEGREE_DAYS
HEATING TOTAL     347               426     -79
 SINCE 7/1       4305              4662    -357
COOLING TOTAL       3                 1       2
 SINCE 1/1          3                 1       2

FREEZE DATES
RECORD
 EARLIEST     08/23/1973
 LATEST       06/27/1974
EARLIEST                        10/03
LATEST                          05/21
.................................................

WIND (MPH)
AVERAGE WIND SPEED              7.8
HIGHEST WIND SPEED/DIRECTION    40/230    DATE  04/11
HIGHEST GUST SPEED/DIRECTION    56/170    DATE  04/10

AVERAGE RH (PERCENT)     42

WEATHER CONDITIONS. NUMBER OF DAYS WITH
THUNDERSTORM              0     MIXED PRECIP               0
HEAVY RAIN                0     RAIN                       2
LIGHT RAIN                8     FREEZING RAIN              0
LT FREEZING RAIN          0     HAIL                       0
HEAVY SNOW                0     SNOW                       0
LIGHT SNOW                4     SLEET                      0
FOG                       5     FOG W/VIS <= 1/4 MILE      0
HAZE                      1

-  INDICATES NEGATIVE NUMBERS.
R  INDICATES RECORD WAS SET OR TIED.
MM INDICATES DATA IS MISSING.
T  INDICATES TRACE AMOUNT.

$$
