000
CXUS52 KCHS 020014
CLMSAV

CLIMATE REPORT
NATIONAL WEATHER SERVICE CHARLESTON SC
747 PM EDT TUE MAY 1 2018

...................................

...THE SAVANNAH GA CLIMATE SUMMARY FOR THE MONTH OF APRIL 2018...

CLIMATE NORMAL PERIOD 1981 TO 2010
CLIMATE RECORD PERIOD 1871 TO 2018

WEATHER         OBSERVED          NORMAL  DEPART  LAST YEAR`S
                 VALUE   DATE(S)  VALUE   FROM    VALUE  DATE(S)
                                          NORMAL
................................................................
TEMPERATURE (F)
RECORD
 HIGH              95   04/27/1986
                        04/17/1967
 LOW               28   04/08/2007
HIGHEST            88   04/18                         92  04/28
LOWEST             40   04/17                         42  04/08
AVG. MAXIMUM     76.2              77.6    -1.4     83.0
AVG. MINIMUM     52.3              53.6    -1.3     59.0
MEAN             64.2              65.6    -1.4     71.0
DAYS MAX >= 90      0               1.0    -1.0        2
DAYS MAX <= 32      0               0.0     0.0        0
DAYS MIN <= 32      0               0.1    -0.1        0
DAYS MIN <= 0       0               0.0     0.0        0

PRECIPITATION (INCHES)
RECORD
 MAXIMUM        10.57   1991
 MINIMUM         0.16   1892
TOTALS           4.33              3.07    1.26     2.88
DAYS >= .01         5               6.8    -1.8        4
DAYS >= .10         4               4.2    -0.2        3
DAYS >= .50         2               1.9     0.1        2
DAYS >= 1.00        1               0.8     0.2        2
GREATEST
 24 HR. TOTAL    3.13   04/23 TO 04/23

SNOWFALL (INCHES)
TOTALS            0.0               0.0     0.0
SINCE 7/1         1.2               0.3     0.9

DEGREE_DAYS
HEATING TOTAL      90                76      14       19
 SINCE 7/1       1607              1803    -196
COOLING TOTAL      73                94     -21      207
 SINCE 1/1        187               136      51
.................................................................

WIND (MPH)
AVERAGE WIND SPEED              9.1
HIGHEST WIND SPEED/DIRECTION    32/170
HIGHEST GUST SPEED/DIRECTION    41/180


WEATHER CONDITIONS. NUMBER OF DAYS WITH
THUNDERSTORM              1     MIXED PRECIP               0
HEAVY RAIN                2     RAIN                       3
LIGHT RAIN                7     FREEZING RAIN              0
LT FREEZING RAIN          0     HAIL                       0
HEAVY SNOW                0     SNOW                       0
LIGHT SNOW                0     SLEET                      0
FOG                      11     FOG W/VIS <= 1/4 MILE      1
HAZE                      1

-  INDICATES NEGATIVE NUMBERS.
R  INDICATES RECORD WAS SET OR TIED.
MM INDICATES DATA IS MISSING.
T  INDICATES TRACE AMOUNT.

$$
