000
CXUS51 KCLE 061457
CLMTOL


CLIMATE REPORT
NATIONAL WEATHER SERVICE CLEVELAND OH
1047 AM EDT SUN MAY 6 2018

...................................

...THE TOLEDO OH CLIMATE SUMMARY FOR THE MONTH OF APRIL 2018...

CLIMATE NORMAL PERIOD 1981 TO 2010
CLIMATE RECORD PERIOD 1873 TO 2018

WEATHER         OBSERVED          NORMAL  DEPART  LAST YEAR`S
                 VALUE   DATE(S)  VALUE   FROM    VALUE
                                          NORMAL
.............................................................
TEMPERATURE (F)
RECORD
 HIGH              89   04/30/1942
                        04/26/1915
 LOW                8   04/07/1982
HIGHEST            75   04/12
LOWEST             20   04/08
AVG. MAXIMUM     53.3              60.1    -6.8     64.4
AVG. MINIMUM     32.9              38.7    -5.8     43.2
MEAN             43.1              49.4    -6.3     53.8
DAYS MAX >= 90      0               0.0     0.0        0
DAYS MAX <= 32      0               0.1    -0.1        0
DAYS MIN <= 32     15               6.7     8.3        3
DAYS MIN <= 0       0               0.0     0.0        0

PRECIPITATION (INCHES)
RECORD
 MAXIMUM         7.13   1929
 MINIMUM         0.55   1876
TOTALS           2.64              3.19   -0.55     3.47
DAYS >= .01        13              12.0     1.0       14
DAYS >= .10         4               7.0    -3.0        8
DAYS >= .50         2               1.9     0.1        2
DAYS >= 1.00        0               0.4    -0.4        0
GREATEST
 24 HR. TOTAL    0.84   04/15 TO 04/15              1.03

SNOWFALL (INCHES)
RECORDS
 TOTAL           12.0   1957
TOTALS            1.6               1.3     0.3      0.7
SINCE 7/1        34.3              37.5    -3.2     22.4
DAYS >= 1.0         0               0.3    -0.3        0
GREATEST
 24 HR TOTAL      0.7   04/09 TO 04/09

DEGREE_DAYS
HEATING TOTAL     650               476     174      338
 SINCE 7/1       5973              5902      71     5055
COOLING TOTAL       0                 8      -8        8
 SINCE 1/1          0                 8      -8        8
..............................................................

WIND (MPH)
AVERAGE WIND SPEED              9.7
HIGHEST WIND SPEED/DIRECTION    37/260    DATE  04/04
HIGHEST GUST SPEED/DIRECTION    47/280    DATE  04/04

SKY COVER
AVERAGE SKY COVER           0.50

AVERAGE RH (PERCENT)     68


-  INDICATES NEGATIVE NUMBERS.
R  INDICATES RECORD WAS SET OR TIED.
MM INDICATES DATA IS MISSING.
T  INDICATES TRACE AMOUNT.

$$
