000
CXUS51 KALY 012349
CLSALB
CLIMATE REPORT
NATIONAL WEATHER SERVICE ALBANY NY
649 PM EST FRI MAR 01 2024
...................................
...THE ALBANY NY CLIMATE SUMMARY FOR THE SEASON, FROM
12/1/2023 TO 2/29/2024...
CLIMATE NORMAL PERIOD: 1991 TO 2020
CLIMATE RECORD PERIOD: 1874 TO 2024
WEATHER OBSERVED NORMAL DEPART LAST YEAR`S
VALUE DATE(S) VALUE FROM VALUE DATE(S)
NORMAL
................................................................
TEMPERATURE (F)
RECORD
HIGH 74 02/24/2017
LOW -28 01/19/1971
HIGHEST 66 02/27 64 02/15
LOWEST 7 01/20 -13 02/04
01/21
01/22
AVG. MAXIMUM 41.0 35.7 5.3 39.9
AVG. MINIMUM 26.6 18.7 7.9 24.2
MEAN 33.8 27.2 6.6 32.1
DAYS MAX >= 90 0 0.0 0.0 0
DAYS MAX <= 32 13 35.7 -22.7 13
DAYS MIN <= 32 63 79.5 -16.5 78
DAYS MIN <= 0 0 6.5 -6.5 2
PRECIPITATION (INCHES)
RECORD
MAXIMUM 13.45 1870
MINIMUM 2.25 1980
TOTALS 11.23 8.14 3.09 9.15
DAILY AVG. 0.12 0.10
DAYS >= .01 39 35.9 3.1 35
DAYS >= .10 20 18.4 1.6 23
DAYS >= .50 9 5.5 3.5 5
DAYS >= 1.00 2 1.0 1.0 2
GREATEST
24 HR. TOTAL 2.45 12/17 TO 12/18
SNOWFALL (INCHES)
RECORDS
24 HR TOTAL 23.5 02/14/1914 TO 02/14/1914
SNOW DEPTH 36 01/01/1970
12/29/1969
12/28/1969
TOTALS 20.8 42.6 -21.8 31.9
SNOWDEPTH AVG. 0
DAYS >= TRACE 29 24.9 4.1
DAYS >= 1.0 4 10.6 -6.6
GREATEST
SNOW DEPTH 7 01/08 7 01/24
01/25
24 HR TOTAL 5.5 01/07 TO 01/07
DEGREE DAYS
HEATING TOTAL 2795 3400 -605 2940
SINCE 7/1 3896 4763 -867 MM
COOLING TOTAL 0 0 0 0
SINCE 1/1 0 0 0 MM
................................................................
WIND (MPH)
AVERAGE WIND SPEED 7.3
HIGHEST WIND SPEED/DIRECTION 39/250 DATE 01/14
HIGHEST GUST SPEED/DIRECTION 58/250 DATE 01/14
WEATHER CONDITIONS. NUMBER OF DAYS WITH
THUNDERSTORM 0 MIXED PRECIP 0
HEAVY RAIN 1 RAIN 8
LIGHT RAIN 30 FREEZING RAIN 0
LT FREEZING RAIN 2 HAIL 1
HEAVY SNOW 2 SNOW 4
LIGHT SNOW 36 SLEET 5
FOG 41 FOG W/VIS <= 1/4 MILE 6
HAZE 7
- INDICATES NEGATIVE NUMBERS.
R INDICATES RECORD WAS SET OR TIED.
MM INDICATES DATA IS MISSING.
T INDICATES TRACE AMOUNT.
$$