000
CXUS51 KGYX 190032 CCA
CLSAUG

PWMCLMAUG 000
TTAA00 KGYX 071234


CLIMATE REPORT
NATIONAL WEATHER SERVICE GRAY ME
827 PM EDT SUN MAR 18 2018

...................................

...THE AUGUSTA CLIMATE SUMMARY FOR THE WINTER SEASON, FROM
12/1/2017 TO 2/28/2018...

CLIMATE NORMAL PERIOD 1981 TO 2010
CLIMATE RECORD PERIOD 1948 TO 2018

WEATHER         OBSERVED          NORMAL  DEPART  LAST YEAR`S
                 VALUE   DATE(S)  VALUE   FROM    VALUE  DATE(S)
                                          NORMAL
................................................................
TEMPERATURE (F)
RECORD
 HIGH              67   12/06/2001
 LOW              -23   02/02/1962
HIGHEST            59   02/21        56       3       55  02/25
LOWEST            -15   01/01        -9      -6       -9  12/16
                        12/29
AVG. MAXIMUM     31.2              31.0     0.2     33.7
AVG. MINIMUM     15.4              14.7     0.7     18.1
MEAN             23.3              22.8     0.5     25.9
DAYS MAX >= 90      0               0.0     0.0        0
DAYS MAX <= 32     44              49.0    -5.0       38
DAYS MIN <= 32     86              84.7     1.3       84
DAYS MIN <= 0      11              10.7     0.3        6

PRECIPITATION (INCHES)
RECORD
 MAXIMUM        17.78   1974
 MINIMUM         3.23   1980
TOTALS           9.26              8.28    0.98    10.45
DAILY AVG.       0.10              0.09    0.01     0.12
DAYS >= .01        29              30.8    -1.8       39
DAYS >= .10        21              17.8     3.2       21
DAYS >= .50         6               4.8     1.2        7
DAYS >= 1.00        2               1.8     0.2        3
GREATEST
 24 HR. TOTAL    1.37   01/13

DEGREE_DAYS
HEATING TOTAL    3750              3795     -45     3494
 SINCE 7/1       4986              5343    -357     4808
COOLING TOTAL       0                 0       0        0
 SINCE 1/1          0                 0       0        0
.................................................................

WIND (MPH)
AVERAGE WIND SPEED              7.1
HIGHEST WIND SPEED/DIRECTION    39/340    DATE  01/04
HIGHEST GUST SPEED/DIRECTION    51/340    DATE  01/04

SKY COVER
AVERAGE SKY COVER           0.50

AVERAGE RH (PERCENT)     69

-  INDICATES NEGATIVE NUMBERS.
R  INDICATES RECORD WAS SET OR TIED.
MM INDICATES DATA IS MISSING.
T  INDICATES TRACE AMOUNT.

&&

AFTER COLD WEATHER HAD LASTED MUCH OF NOVEMBER, THIS COLD BEGAN TO
EASE UP A BIT AS THE CALENDAR CHANGED TO DECEMBER. THE FIRST WEEK
SAW TEMPERATURES WARMING INTO THE 40S AND EVEN THE 50S. BUT THIS
BRIEF BREAK FROM THE COLD WAS NOT GOING TO LAST. THE FIRST
SIGNIFICANT SNOWSTORM OF THE SEASON ARRIVED ON DECEMBER 9 BRINGING A
SHIFT TOWARD COLDER WEATHER. COLDER TEMPERATURES SOON BECAME THE NEW
NORMAL WITH THE NEXT SEVERAL STORM SYSTEMS BRINGING SNOW AND/OR
FREEZING RAIN. THE NEXT SIGNIFICANT SNOWSTORM ARRIVED CHRISTMAS
MORNING WITH BRUTALLY COLD ARCTIC AIR POURING IN BEHIND THIS STORM
AND LASTING WELL INTO THE NEW YEAR. THE NEXT 15 DAYS DID NOT WARM
ABOVE FREEZING. THIS WAS ONE OF THE MOST BRUTAL COLD SPELLS ON
RECORD AT AUGUSTA. FOR 6 STRAIGHT DAYS, FROM DEC 28 THRU JAN 2, THE
TEMPERATURE WOULD NOT EVEN WARM TO 10 DEGREES, TYING THE RECORD SET
IN 1979. TEMPERATURES FELL BELOW ZERO EACH NIGHT, WITH THE LOW OF 15
BELOW ZERO ON DECEMBER 29TH TYING AS THE COLDEST TEMPERATURE EVER
OBSERVED IN THE MONTH OF DECEMBER. THERE WAS A BRIEF BREAK IN THE
BRUTAL COLD WHEN THE TEMPERATURE WARMED ALL THE WAY INTO THE MID
20S, BUT THIS "BREAK" WAS ACCOMPANIED BY ANOTHER STRONG NOR`EAST
THAT BROUGHT BLIZZARD CONDITIONS AND 51 MPH WINDS ON JANUARY 4. MORE
BRUTAL COLD AIR POURED IN BEHIND THIS STORM WITH 3 MORE NIGHTS WITH
SUBZERO TEMPERATURES. IN FACT, THE TEMPERATURE DID NOT EVEN WARM
ABOVE ZERO AT ALL ON JANUARY 6, THE COLDEST HIGH TEMPERATURE SINCE
2004. FINALLY THE INTENSE COLD BEGAN TO BREAK AND THE TEMPERATURE
ROSE ABOVE FREEZING AGAIN FOR THE FIRST TIME ON JANUARY 9, JUST AS
THE JANUARY THAW BEGAN. THE NEXT 4 DAYS BROUGHT WARMING
TEMPERATURES. THE TEMPERATURE PEAKED AT 53 DEGREES ON THE 12TH AND
13TH AS WARM AIR AND HEAVY RAINFALL SURGED NORTHWARD AHEAD OF A
STRONG COLD FRONT. THIS WARM WEATHER AND RAINFALL WASHED FLUSHED
EXTRA WATER THROUGH AN ICE PACKED KENNEBEC RIVER, LEADING TO ICE JAM
FLOODING. THE STRONG COLD FRONT BROUGHT A RETURN TO VERY COLD
WEATHER FOR A FEW DAYS, THOUGH THIS COLD SPELL WAS NOT AS INTENSE OR
AS LONG LASTING AS THE LAST ONE. MORE SNOW FELL ON JANUARY 17TH AND
FREEZING RAIN BROUGHT ICING ON THE 23RD, BUT FOR THE NEXT FEW WEEKS
THE TEMPERATURE WAS GRADUALLY WARMING AGAIN. SOME COLDER AIR
RETURNED AT THE END OF JANUARY INTO THE BEGINNING OF FEBRUARY. THE
COLDEST TEMPERATURE FROM THIS COLDER SPELL WAS 1 DEGREE ON FEBRUARY
3. ULTIMATELY THIS PROVED TO BE THE LAST SIGNIFICANT COLD SPELL OF
THE WINTER. MUCH OF FEBRUARY SAW WARMING TEMPERATURES WITH PERIODIC
LIGHTER SNOWFALLS. THE GRADUAL WARMING INTENSIFIED IN THE LAST PART
OF THE MONTH AS A RIDGE OF HIGH PRESSURE BROUGHT WARM AIR FROM THE
SOUTHERN UNITED STATES INTO NEW ENGLAND. THIS WARMTH PEAKED WITH A
TEMPERATURE OF 59 DEGREES ON FEBRUARY 21, THE SECOND WARMEST
TEMPERATURE EVER OBSERVED IN THE MONTH OF FEBRUARY. ALTHOUGH A COLD
FRONT THAT EVENING BROUGHT COOLER TEMPERATURES BACK INTO THE AREA,
THE REST OF THE MONTH REMAINED ABOVE NORMAL WITH SEVERAL DAYS
REACHING THE 40S.

THE AVERAGE TEMPERATURE FOR THE WINTER WAS 23.3 DEGREES WHICH WAS
0.5 DEGREES ABOVE NORMAL. THE WARMEST WINTER WAS IN 2001-02 WHEN THE
AVERAGE TEMPERATURE WAS 28.6 DEGREES. THE COLDEST WAS IN 1958-59
WHEN IT WAS 17.3 DEGREES.

THE COLD SPELL AROUND NEW YEAR`S WAS ONE OF THE MOST INTENSE ON
RECORD AT AUGUSTA. THE 6 CONSECUTIVE DAYS WITH HIGH TEMPERATURES
BELOW 10 DEGREES TIED AS THE LONGEST ON RECORD AT AUGUSTA. THE
FOLLOWING TABLE LISTS THE LONGEST SUCH STRETCHES ON RECORD.

MOST CONSECUTIVE DAYS MAX < 10 DEGREES (SINCE 1948)...
RANK  DAYS  DATES
1      6    DEC 28, 2017 - JAN 2, 2018 <===
       6    FEB 10 - FEB 15, 1979
3      3    JAN 21 - JAN 23, 2005
       3    JAN 24 - JAN 26, 2004
       3    JAN 8 - JAN 10, 2004
       3    FEB 13 - FEB 15, 2003
       3    JAN 30 - FEB 1, 1993
       3    DEC 11 - DEC 13, 1977
       3    JAN 7 - JAN 9, 1973
       3    JAN 17 - JAN 19, 1971
       3    JAN 31 - FEB 2, 1962
       3    DEC 20 - DEC 22, 1955

A TOTAL OF 9.26 INCHES OF PRECIPITATION FELL WHICH WAS 0.98 INCHES
ABOVE NORMAL. THE HEAVIEST PRECIPITATION FELL DURING THE JANUARY
THAW ON JANUARY 12-13 WHEN 2.44 INCHES OF RAIN BROUGHT ICE JAM
FLOODING ALONG THE KENNEBEC RIVER. THE WETTEST WINTER WAS IN 1973-74
WHEN 17.78 INCHES OF PRECIPITATION FELL. THE DRIEST WAS IN 1979-80
WHEN ONLY 3.23 INCHES WAS RECORDED.

THE FOLLOWING DAILY RECORDS WERE SET OR TIED IN WINTER 2017/18...
DATE    RECORD                               PREVIOUS
DEC 28  3    - COLDEST HIGH TEMPERATURE      9 IN 1951
DEC 29  2    - COLDEST HIGH TEMPERATURE      7 IN 1993
DEC 29  -15  - COLDEST LOW TEMPERATURE       -7 IN 1993
DEC 30  9    - COLDEST HIGH TEMPERATURE      11 IN 1987 AND OTHERS
DEC 30  -14  - COLDEST LOW TEMPERATURE       -14 IN 1962 /TIED/
JAN 1   7    - COLDEST HIGH TEMPERATURE      8 IN 1957
JAN 1   -15  - COLDEST LOW TEMPERATURE       -8 IN 1999 AND OTHERS
JAN 6   -1   - COLDEST HIGH TEMPERATURE      2 IN 1959
JAN 12  42   - WARMEST LOW TEMPERATURE       38 IN 2017
JAN 12  1.07 - GREATEST PRECIPITATION        10.06 IN 1957
JAN 13  53   - WARMEST HIGH TEMPERATURE      48 IN 2017 AND 2006
JAN 13  1.37 - GREATEST PRECIPITATION        0.73 IN 2002
FEB 21  59   - WARMEST HIGH TEMPERATURE      52 IN 1981 AND 1953

$$

KIMBLE
