000
CXUS51 KRNK 011839 CCA
CLSDAN

CLIMATE REPORT
NATIONAL WEATHER SERVICE BLACKSBURG VA
1235 PM EST THU MAR 1 2018

...................................

...THE DANVILLE VA CLIMATE SUMMARY FOR THE SEASON, FROM
12/1/2017 TO 2/28/2018...

CLIMATE NORMAL PERIOD 1981 TO 2010
CLIMATE RECORD PERIOD 1948 TO 2018

WEATHER         OBSERVED          NORMAL  DEPART  LAST YEAR`S
                 VALUE   DATE(S)  VALUE   FROM    VALUE
                                          NORMAL
.............................................................
TEMPERATURE (F)
RECORD
 HIGH              85   02/27/1977
 LOW               -5   01/21/1985
HIGHEST            79   02/21                         83
LOWEST              2   01/02                         -1
AVG. MAXIMUM     51.9              48.7     3.2     55.2
AVG. MINIMUM     29.7              30.4    -0.7     32.8
MEAN             40.8              39.5     1.3     44.0
DAYS MAX >= 90      0               0.0     0.0        0
DAYS MAX <= 32      6               4.7     1.3        4
DAYS MIN <= 32     51              55.6    -4.6       40
DAYS MIN <= 0       0               0.0     0.0        1

PRECIPITATION (INCHES)
RECORD
 MAXIMUM        18.47   1997
 MINIMUM         5.01   2011
TOTALS           5.96              9.70   -3.74     6.39
DAILY AVG.       0.08              0.11   -0.03     0.07
DAYS >= .01        29              28.9     0.1       23
DAYS >= .10        13              18.5    -5.5       15
DAYS >= .50         3               7.5    -4.5        4
DAYS >= 1.00        0               2.3    -2.3        1
GREATEST
 24 HR. TOTAL    0.95                               1.17

SNOWFALL (INCHES)
TOTALS           13.7                                8.8
DAYS >= TRACE       7                                  4
DAYS >= 1.0         2                                  2
GREATEST
 24 HR TOTAL      8.8R                               7.8

DEGREE_DAYS
HEATING TOTAL    1943              2293    -350     1886
COOLING TOTAL       0                 0       0        5
..............................................................

WIND (MPH)
AVERAGE WIND SPEED              5.4
HIGHEST WIND SPEED/DIRECTION    36/230    DATE  01/23
HIGHEST GUST SPEED/DIRECTION    47/220    DATE  01/23

SKY COVER
AVERAGE SKY COVER           0.40

AVERAGE RH (PERCENT)     70

WEATHER CONDITIONS. NUMBER OF DAYS WITH
THUNDERSTORM              0     MIXED PRECIP                 0
HEAVY RAIN                3     RAIN                         6
LIGHT RAIN               22     FREEZING RAIN                0
LT FREEZING RAIN          1     HAIL                         0
HEAVY SNOW                1     SNOW                         1
LIGHT SNOW                2     SLEET                        2
FOG                      28     FOG W/VIS <= 1/4 MILE        7
HAZE                      0

-  INDICATES NEGATIVE NUMBERS.
R  INDICATES RECORD WAS SET OR TIED.
MM INDICATES DATA IS MISSING.
T  INDICATES TRACE AMOUNT.

REMARKS:
DUE TO MISSING DATA FROM JANUARY 4-9 AND 21-22...ALL INFORMATION
WILL BE CALCULATED WITHOUT DATA FROM THESE DATES. IN ADDITION...
THIS SEASONAL SUMMARY DOES NOT INCLUDE ANY DATA FROM JANUARY

$$

RAB
