000
CXUS55 KLKN 011033
CLSELY


CLIMATE REPORT
NATIONAL WEATHER SERVICE ELKO NV
229 AM PST THU MAR 1 2018

...................................

...THE ELY AIRPORT NV CLIMATE SUMMARY FOR THE SEASON, FROM
12/1/2017 TO 2/28/2018...

CLIMATE NORMAL PERIOD 1981 TO 2010
CLIMATE RECORD PERIOD 1893 TO 2018

WEATHER         OBSERVED          NORMAL  DEPART  LAST YEAR`S
                 VALUE   DATE(S)  VALUE   FROM    VALUE
                                          NORMAL
.............................................................
TEMPERATURE (F)
RECORD
 HIGH              68   01/25/1951
 LOW              -30   02/06/1989
HIGHEST            62   02/08        61       1       59
                        12/29
LOWEST             -7   01/21       -16       9      -23
AVG. MAXIMUM     46.1              40.4     5.7     39.1
AVG. MINIMUM     13.3              12.5     0.8     13.6
MEAN             29.7              26.5     3.2     26.4
DAYS MAX >= 90      0               0.0     0.0        0
DAYS MAX <= 32     10              17.5    -7.5       25
DAYS MIN <= 32     89              87.5     1.5       81
DAYS MIN <= 0      10              13.6    -3.6       18

PRECIPITATION (INCHES)
RECORD
 MAXIMUM         7.65   1895
 MINIMUM         0.48   1977
TOTALS           1.48              2.04   -0.56     4.42
DAILY AVG.       0.02              0.02    0.00     0.05
DAYS >= .01        13              20.4    -7.4       25
DAYS >= .10         3               7.1    -4.1       12
DAYS >= .50         1               0.4     0.6        3
DAYS >= 1.00        0               0.0     0.0        0

SNOWFALL (INCHES)
RECORDS
 TOTAL           66.0   1895
TOTALS           21.5              25.4    -3.9     43.7
DAYS >= 1.0         2               7.8    -5.8       11
GREATEST
 SNOW DEPTH        15   01/20                         13

DEGREE_DAYS
HEATING TOTAL    3153              3469    -316     3408
COOLING TOTAL       0                 0       0        0
..............................................................

WIND (MPH)
AVERAGE WIND SPEED              9.0
HIGHEST WIND SPEED/DIRECTION    40/200    DATE  02/18
HIGHEST GUST SPEED/DIRECTION    55/190    DATE  02/18

AVERAGE RH (PERCENT)     57

WEATHER CONDITIONS. NUMBER OF DAYS WITH
THUNDERSTORM              0     MIXED PRECIP               0
HEAVY RAIN                0     RAIN                       0
LIGHT RAIN                5     FREEZING RAIN              0
LT FREEZING RAIN          0     HAIL                       0
HEAVY SNOW                1     SNOW                       7
LIGHT SNOW               19     SLEET                      0
FOG                       9     FOG W/VIS <= 1/4 MILE      2
HAZE                      4

-  INDICATES NEGATIVE NUMBERS.
R  INDICATES RECORD WAS SET OR TIED.
MM INDICATES DATA IS MISSING.
T  INDICATES TRACE AMOUNT.

$$

DS
