000
CXUS53 KGRB 011027
CLSRHI
CLIMATE REPORT
NATIONAL WEATHER SERVICE GREEN BAY
427 AM CST FRI MAR 01 2024
...................................
...THE RHINELANDER WI CLIMATE SUMMARY FOR THE SEASON, FROM
12/1/2023 TO 2/29/2024...
CLIMATE NORMAL PERIOD: 1991 TO 2020
CLIMATE RECORD PERIOD: 1908 TO 2024
WEATHER OBSERVED NORMAL DEPART LAST YEAR`S
VALUE DATE(S) VALUE FROM VALUE DATE(S)
NORMAL
................................................................
TEMPERATURE (F)
RECORD
HIGH 65 02/27/2024
LOW -42 02/03/1996
HIGHEST 65R 02/27 48 17 46 02/12
LOWEST -13 01/15 -27 14 -24 01/31
01/18
AVG. MAXIMUM 33.5 25.6 7.9 26.6
AVG. MINIMUM 17.6 6.6 11.0 11.5
MEAN 25.5 16.1 9.4 19.1
DAYS MAX >= 90 0 0.0 0.0 0
DAYS MAX <= 32 44 68.9 -24.9 69
DAYS MIN <= 32 84 88.4 -4.4 89
DAYS MIN <= 0 11 30.9 -19.9 16
PRECIPITATION (INCHES)
RECORD
MAXIMUM 7.94 2005
MINIMUM 0.93 1958
TOTALS 2.02 4.00 -1.98 5.67
DAILY AVG. 0.02 NAN NAN 0.06
DAYS >= .01 27 34.9 -7.9 MM
DAYS >= .10 10 12.5 -2.5 MM
DAYS >= .50 0 1.5 -1.5 MM
DAYS >= 1.00 0 0.4 -0.4 MM
SNOWFALL (INCHES)
RECORDS
TOTAL 79.0 1969
24 HR TOTAL 8.4
TOTALS 23.1 47.3 -24.2 57.7
SINCE 7/1 28.6 59.1 -30.5 MM
DAYS >= TRACE 38 34.7 3.3 52
DAYS >= 1.0 8 14.8 -6.8 16
GREATEST
SNOW DEPTH 8 01/15 21 02/23
01/16
01/17
02/24
02/25
24 HR TOTAL MM
DEGREE DAYS
HEATING TOTAL 3572 4400 -828 4108
SINCE 7/1 5492 6548 -1056 MM
COOLING TOTAL 0 0 0 0
SINCE 1/1 0 0 0 MM
FREEZE DATES
RECORD
EARLIEST 08/27/1915
LATEST 07/30/1928
EARLIEST 10/07
LATEST 05/26
................................................................
WIND (MPH)
AVERAGE WIND SPEED 6.5
RESULTANT WIND SPEED/DIRECTION 2/250
HIGHEST WIND SPEED/DIRECTION 31/230 DATE 02/09
HIGHEST GUST SPEED/DIRECTION 37/300 DATE 02/28
SKY COVER
POSSIBLE SUNSHINE (PERCENT) MM
AVERAGE SKY COVER 0.62
NUMBER OF DAYS FAIR 25
NUMBER OF DAYS PC 23
NUMBER OF DAYS CLOUDY 40
AVERAGE RH (PERCENT) 75
WEATHER CONDITIONS. NUMBER OF DAYS WITH
THUNDERSTORM 0 MIXED PRECIP 0
HEAVY RAIN 0 RAIN 0
LIGHT RAIN 13 FREEZING RAIN 0
LT FREEZING RAIN 1 HAIL 0
HEAVY SNOW 1 SNOW 2
LIGHT SNOW 38 SLEET 0
FOG 45 FOG W/VIS <= 1/4 MILE 11
HAZE 15
- INDICATES NEGATIVE NUMBERS.
R INDICATES RECORD WAS SET OR TIED.
MM INDICATES DATA IS MISSING.
T INDICATES TRACE AMOUNT.
$$